{"id":85,"date":"2016-02-29T11:42:43","date_gmt":"2016-02-29T10:42:43","guid":{"rendered":"http:\/\/internationales-kinderhaus.de\/?page_id=85"},"modified":"2024-11-22T16:28:30","modified_gmt":"2024-11-22T15:28:30","slug":"fuer-grundschueler-unser-hort","status":"publish","type":"page","link":"https:\/\/internationales-kinderhaus.de\/ika-2024\/ueber-uns\/fuer-grundschueler-unser-hort\/","title":{"rendered":"Unser Hort f\u00fcr Grundschulkinder"},"content":{"rendered":"\n<p>In unserer Hortgruppe betreuen wir Kinder im Grundschulalter, die nach der Schule zu uns kommen. Der Hort ist auch w\u00e4hrend der Ferien ge\u00f6ffnet und bietet ein abwechslungsreiches Ferienprogramm.<\/p>\n\n\n\n<p><strong>Unseren Hortkindern bieten wir <\/strong><\/p>\n\n\n\n<ul class=\"wp-block-list\">\n<li>betreute Hausaufgabenzeiten<\/li>\n\n\n\n<li>vielf\u00e4ltige Bewegungsanreize im Garten und im Bewegungsraum<\/li>\n\n\n\n<li>kreatives Gestalten in unserem Werkraum<\/li>\n\n\n\n<li>regelm\u00e4\u00dfige Kinderkonferenzen<\/li>\n\n\n\n<li>Ferienprogramm mit abwechslungsreichen Angeboten und Projekten<\/li>\n<\/ul>\n\n\n\n<p><strong>Dabei ist uns wichtig<\/strong><\/p>\n\n\n\n<ul class=\"wp-block-list\">\n<li>unsere Kinder bei der Entfaltung ihrer Pers\u00f6nlichkeit zu begleiten und ihnen auf dem Weg in die Selbst\u00e4ndigkeit Orientierung zu bieten<\/li>\n\n\n\n<li>einen Ausgleich zu den Leistungsanforderungen im schulischen Alltag zu schaffen<\/li>\n\n\n\n<li>eine M\u00f6glichkeit zur freien und abwechslungsreichen Gestaltung der Freizeit zu bieten<\/li>\n\n\n\n<li>Werte und Normen im sozialen Umgang miteinander zu vermitteln<\/li>\n<\/ul>\n\n\n\n<p><strong>Unsere R\u00e4ume <\/strong><\/p>\n\n\n\n<p>Unsere Hortkinder k\u00f6nnen sich frei im ganzen Haus bewegen. Ihnen stehen ein Hausaufgabenraum sowie ein weiterer Gruppenraum am Nachmittag zur Verf\u00fcgung. Au\u00dferdem k\u00f6nnen sie sich im Werkraum kreativ bet\u00e4tigen. Ganz wichtig als Ausgleich zum Schulalltag ist auch der Bewegungsraum, in dem sie zahlreiche Spiel- und Bewegungsanreize vorfinden und dementsprechend viel Zeit verbringen. Mindestens ebenso wichtig ist unser gro\u00dfz\u00fcgiger Au\u00dfenbereich mit Trampolin, gro\u00dfer Rutsche und Sandspielbereich.<\/p>\n\n\n\n<p>Im folgenden Video k\u00f6nnen Sie sich einen kurzen Eindruck verschaffen.<\/p>\n\n\n\n<figure class=\"wp-block-video\"><video controls src=\"http:\/\/internationales-kinderhaus.de\/ika-wp\/wp-content\/uploads\/UnserHort_converted.mp4\"><\/video><\/figure>\n\n\n\n<p>&nbsp;<\/p>\n\n\n\n<p>Unser Hortteam freut sich auf Sie und ihr Kind.<\/p>\n\n\n\n<figure class=\"wp-block-image size-large is-resized\"><img loading=\"lazy\" decoding=\"async\" width=\"769\" height=\"1024\" src=\"https:\/\/internationales-kinderhaus.de\/ika-2024\/wp-content\/uploads\/2024\/11\/Hort1-769x1024.jpg\" alt=\"\" class=\"wp-image-1236\" style=\"width:282px;height:auto\" srcset=\"https:\/\/internationales-kinderhaus.de\/ika-2024\/wp-content\/uploads\/2024\/11\/Hort1-769x1024.jpg 769w, https:\/\/internationales-kinderhaus.de\/ika-2024\/wp-content\/uploads\/2024\/11\/Hort1-225x300.jpg 225w, https:\/\/internationales-kinderhaus.de\/ika-2024\/wp-content\/uploads\/2024\/11\/Hort1-768x1023.jpg 768w, https:\/\/internationales-kinderhaus.de\/ika-2024\/wp-content\/uploads\/2024\/11\/Hort1-1153x1536.jpg 1153w, https:\/\/internationales-kinderhaus.de\/ika-2024\/wp-content\/uploads\/2024\/11\/Hort1-1537x2048.jpg 1537w, https:\/\/internationales-kinderhaus.de\/ika-2024\/wp-content\/uploads\/2024\/11\/Hort1.jpg 1706w\" sizes=\"auto, (max-width: 769px) 100vw, 769px\" \/><\/figure>\n\n\n\n<p><\/p>\n\n\n\n<p class=\"has-text-align-left\">Unsere Geb\u00fchren-\u00dcbersicht finden Sie hier: <a href=\"http:\/\/internationales-kinderhaus.de\/anmeldeverfahren\/preise\/\">Preise<\/a><\/p>\n","protected":false},"excerpt":{"rendered":"<p>In unserer Hortgruppe betreuen wir Kinder im Grundschulalter, die nach der Schule zu uns kommen. Der Hort ist auch w\u00e4hrend der Ferien ge\u00f6ffnet und bietet ein abwechslungsreiches Ferienprogramm. Unseren Hortkindern bieten wir Dabei ist uns wichtig Unsere R\u00e4ume Unsere Hortkinder [&hellip;]<\/p>\n","protected":false},"author":1,"featured_media":0,"parent":152,"menu_order":0,"comment_status":"closed","ping_status":"closed","template":"","meta":{"footnotes":""},"class_list":["post-85","page","type-page","status-publish","hentry"],"_links":{"self":[{"href":"https:\/\/internationales-kinderhaus.de\/ika-2024\/wp-json\/wp\/v2\/pages\/85","targetHints":{"allow":["GET"]}}],"collection":[{"href":"https:\/\/internationales-kinderhaus.de\/ika-2024\/wp-json\/wp\/v2\/pages"}],"about":[{"href":"https:\/\/internationales-kinderhaus.de\/ika-2024\/wp-json\/wp\/v2\/types\/page"}],"author":[{"embeddable":true,"href":"https:\/\/internationales-kinderhaus.de\/ika-2024\/wp-json\/wp\/v2\/users\/1"}],"replies":[{"embeddable":true,"href":"https:\/\/internationales-kinderhaus.de\/ika-2024\/wp-json\/wp\/v2\/comments?post=85"}],"version-history":[{"count":2,"href":"https:\/\/internationales-kinderhaus.de\/ika-2024\/wp-json\/wp\/v2\/pages\/85\/revisions"}],"predecessor-version":[{"id":1264,"href":"https:\/\/internationales-kinderhaus.de\/ika-2024\/wp-json\/wp\/v2\/pages\/85\/revisions\/1264"}],"up":[{"embeddable":true,"href":"https:\/\/internationales-kinderhaus.de\/ika-2024\/wp-json\/wp\/v2\/pages\/152"}],"wp:attachment":[{"href":"https:\/\/internationales-kinderhaus.de\/ika-2024\/wp-json\/wp\/v2\/media?parent=85"}],"curies":[{"name":"wp","href":"https:\/\/api.w.org\/{rel}","templated":true}]}}

Unser Hort für Grundschulkinder

<p>In unserer Hortgruppe betreuen wir Kinder im Grundschulalter, die nach der Schule zu uns kommen. Der Hort ist auch während der Ferien geöffnet und bietet ein abwechslungsreiches Ferienprogramm.</p>



<p><strong>Unseren Hortkindern bieten wir </strong></p>



<ul class="wp-block-list">
<li>betreute Hausaufgabenzeiten</li>



<li>vielfältige Bewegungsanreize im Garten und im Bewegungsraum</li>



<li>kreatives Gestalten in unserem Werkraum</li>



<li>regelmäßige Kinderkonferenzen</li>



<li>Ferienprogramm mit abwechslungsreichen Angeboten und Projekten</li>
</ul>



<p><strong>Dabei ist uns wichtig</strong></p>



<ul class="wp-block-list">
<li>unsere Kinder bei der Entfaltung ihrer Persönlichkeit zu begleiten und ihnen auf dem Weg in die Selbständigkeit Orientierung zu bieten</li>



<li>einen Ausgleich zu den Leistungsanforderungen im schulischen Alltag zu schaffen</li>



<li>eine Möglichkeit zur freien und abwechslungsreichen Gestaltung der Freizeit zu bieten</li>



<li>Werte und Normen im sozialen Umgang miteinander zu vermitteln</li>
</ul>



<p><strong>Unsere Räume </strong></p>



<p>Unsere Hortkinder können sich frei im ganzen Haus bewegen. Ihnen stehen ein Hausaufgabenraum sowie ein weiterer Gruppenraum am Nachmittag zur Verfügung. Außerdem können sie sich im Werkraum kreativ betätigen. Ganz wichtig als Ausgleich zum Schulalltag ist auch der Bewegungsraum, in dem sie zahlreiche Spiel- und Bewegungsanreize vorfinden und dementsprechend viel Zeit verbringen. Mindestens ebenso wichtig ist unser großzügiger Außenbereich mit Trampolin, großer Rutsche und Sandspielbereich.</p>



<p>Im folgenden Video können Sie sich einen kurzen Eindruck verschaffen.</p>



<figure class="wp-block-video"><video controls src="http://internationales-kinderhaus.de/ika-wp/wp-content/uploads/UnserHort_converted.mp4"></video></figure>



<p>&nbsp;</p>



<p>Unser Hortteam freut sich auf Sie und ihr Kind.</p>



<figure class="wp-block-image size-large is-resized"><img loading="lazy" decoding="async" width="769" height="1024" src="https://internationales-kinderhaus.de/ika-2024/wp-content/uploads/2024/11/Hort1-769x1024.jpg" alt="" class="wp-image-1236" style="width:282px;height:auto" srcset="https://internationales-kinderhaus.de/ika-2024/wp-content/uploads/2024/11/Hort1-769x1024.jpg 769w, https://internationales-kinderhaus.de/ika-2024/wp-content/uploads/2024/11/Hort1-225x300.jpg 225w, https://internationales-kinderhaus.de/ika-2024/wp-content/uploads/2024/11/Hort1-768x1023.jpg 768w, https://internationales-kinderhaus.de/ika-2024/wp-content/uploads/2024/11/Hort1-1153x1536.jpg 1153w, https://internationales-kinderhaus.de/ika-2024/wp-content/uploads/2024/11/Hort1-1537x2048.jpg 1537w, https://internationales-kinderhaus.de/ika-2024/wp-content/uploads/2024/11/Hort1.jpg 1706w" sizes="auto, (max-width: 769px) 100vw, 769px" /></figure>



<p></p>



<p class="has-text-align-left">Unsere Gebühren-Übersicht finden Sie hier: <a href="http://internationales-kinderhaus.de/anmeldeverfahren/preise/">Preise</a></p>

<p>In unserer Hortgruppe betreuen wir Kinder im Grundschulalter, die nach der Schule zu uns kommen. Der Hort ist auch während der Ferien geöffnet und bietet ein abwechslungsreiches Ferienprogramm. Unseren Hortkindern bieten wir Dabei ist uns wichtig Unsere Räume Unsere Hortkinder [&hellip;]</p>
