{"id":821,"date":"2021-01-25T17:08:23","date_gmt":"2021-01-25T16:08:23","guid":{"rendered":"http:\/\/internationales-kinderhaus.de\/?page_id=821"},"modified":"2024-11-22T16:03:29","modified_gmt":"2024-11-22T15:03:29","slug":"von-der-idee-bis-zur-gegenwart","status":"publish","type":"page","link":"https:\/\/internationales-kinderhaus.de\/ika-2024\/der-verein\/von-der-idee-bis-zur-gegenwart\/","title":{"rendered":"Von der Idee bis zur Gegenwart"},"content":{"rendered":"<p><strong>2003\/2004<br \/>\n<\/strong>Die Idee zur Gr\u00fcndung eines zweisprachigen Kindergartens hatten einige engagierte Augsburger Eltern<strong>, <\/strong>die sich regelm\u00e4\u00dfig im Rahmen einer englischsprachigen Spielgruppe trafen. Sie wollten ihren zweisprachig aufwachsenden Kindern eine zus\u00e4tzliche M\u00f6glichkeit bieten, das vorhandene sprachliche und kulturelle Potenzial zu erweitern. Mit der Zeit schlossen sich dem Projekt auch einsprachige Familien an, die vom besonderen Wert einer fr\u00fchzeitigen bilingualen Erziehung \u00fcberzeugt waren. Am 30.04.2004 gr\u00fcndete die Elterngruppe den Verein &#8222;Internationales Kinderhaus Augsburg e.V.&#8220; und mietete im Juni des gleichen Jahres die R\u00e4ume des ehemaligen Schulkindergartens der Birkenau-Schule in der Soldnerstrasse 36 in Augsburg-Lechhausen an. Die R\u00e4ume wurden in den folgenden Monaten von den Eltern in ehrenamtlicher Arbeit renoviert und neugestaltet. Am 02.11.2004 konnte der Kindergartenbetrieb mit einer englisch-deutsch-sprachigen Gruppe bestehend aus 20 Kindern starten.<\/p>\n<p><strong>2006\/2007<\/strong><br \/>\nIn enger Zusammenarbeit mit den Verantwortlichen der St.-Anna-Schule im Zentrum Augsburgs setzte sich der Vorstand des Tr\u00e4gervereins daf\u00fcr ein, dass an der Schule eine zweisprachige, englisch-deutsche Klasse eingerichtet werden konnte. Alle Kinder, die zum Ende dieses Kindergartenjahres den Kindergarten verlie\u00dfen, konnten diese neue Klasse besuchen. Schrittweise wurde in den folgenden Jahren jeweils eine weitere, zweisprachige Klasse eingerichtet. Leider steht dieses Angebot heute nur noch Kindern aus dem Schulsprengel zur Verf\u00fcgung.<\/p>\n<p><strong>2007\/2008<\/strong><br \/>\nAufgrund der gro\u00dfen Nachfrage nach Pl\u00e4tzen konnte zum Kindergartenjahr 2007\/2008 eine zweite Gruppe er\u00f6ffnet werden. Dazu wurde der benachbarte Gruppenraum, der bislang von der Birkenau-Schule als Werkraum genutzt worden war, von den neuen Eltern in ehrenamtlicher Arbeit renoviert und umgebaut.<\/p>\n<p><strong>2009\/2010<\/strong><br \/>\nIm Jahr 2009 bewarb sich der Verein f\u00fcr die Tr\u00e4gerschaft einer neuen Kindertagesst\u00e4tte auf dem Gel\u00e4nde der ehemaligen Augsburger Kammgarnspinnerei. Hier bestand die M\u00f6glichkeit, den Kindergarten um zwei Krippen- und eine Hortgruppe zu erweitern. Der Tr\u00e4gerverein trat dabei als Bauherr f\u00fcr die neue Kindertagesst\u00e4tte auf. Gemeinsam mit der Stadt Augsburg wurde zu Beginn des Jahres 2010 ein Architektenwettbewerb durchgef\u00fchrt, der im Ergebnis einen Vorentwurf f\u00fcr das Geb\u00e4ude lieferte.<\/p>\n<p><strong>2012<\/strong><br \/>\nAm 1.7.2012 begann der Bau des neuen Kinderhauses nach einer 1,5-j\u00e4hrigen Planungsphase. Am 13.12.2012 wurde Richtfest gefeiert.<\/p>\n<p><strong>2013<\/strong><br \/>\nSeit September 2013 befindet sich unsere Kindertagesst\u00e4tte an ihrem neuen Standort im Augsburger Textilviertel. Die beiden bestehenden Kindergartengruppen zogen von Augsburg-Lechhausen ins neue Quartier um. Zwei Krippen- und eine Hortgruppe konnten neu er\u00f6ffnet werden. Da die Nachfrage nach Hortpl\u00e4tzen zun\u00e4chst gering war, konnten weitere Kindergartenkinder in einer zus\u00e4tzlichen Kindergartengruppe aufgenommen werden, die sich die R\u00e4ume mit dem Hort teilt.<\/p>\n<p><strong>2014<\/strong><br \/>\nIm Jahre 2014 konnte das 10-j\u00e4hrige Bestehen des Tr\u00e4gervereins sowie der Kindertagesst\u00e4tte mit einem gro\u00dfen Fest gefeiert werden.<\/p>\n<p><strong>2015 &#8211; 2023<\/strong><br \/>\nIn den folgenden Jahren wurden die R\u00e4ume und die Au\u00dfenanlage einschlie\u00dflich der Dachterrasse weiter ausgebaut und mit neuen (Spiel-) M\u00f6glichkeiten ausgestattet. Dazu geh\u00f6rten z.B. die Anschaffung von zwei Spielh\u00e4usern und einer Matschanlage, die Erweiterung der Sandspielfl\u00e4che sowie die Umgestaltung eines Kletterh\u00fcgels mit Hilfe einer schiefen Ebene.<\/p>\n<p><strong>2024<\/strong><span data-ccp-props=\"{}\"><strong>\u00a0<\/strong><br \/>\n<\/span><span data-contrast=\"auto\">Zum 20-j\u00e4hrigen Jubil\u00e4um organisierten der Elternbeirat und der Vereinsvorstand gemeinsam mit den IKA-Familien ein gro\u00dfes Fest, zu dem neben auch alle ehemaligen Familien eingeladen waren. Die Feierlichkeiten fanden sowohl am ehemaligen Standort in Lechhausen als auch am aktuellen Standort statt und war ein gro\u00dfer Erfolg.\u00a0<\/span><span data-ccp-props=\"{}\">\u00a0<\/span><\/p>\n<p><strong>2025<\/strong><span data-ccp-props=\"{}\"><strong>\u00a0<\/strong><br \/>\n<\/span><span data-contrast=\"auto\">Nach mehrj\u00e4hriger Planung soll im Jahr 2025 die Dachterrasse des Geb\u00e4udes in einen weiteren Gruppenraum umgebaut werden. Der Hort und die dritte Kindergartengruppe, die sich bislang R\u00e4ume geteilt haben, erhalten dann mehr Platz und es k\u00f6nnen zus\u00e4tzliche Kinder aufgenommen werden. Der Umbau soll im Fr\u00fchjahr 2025 beginnen.\u00a0<\/span><span data-ccp-props=\"{}\">\u00a0<\/span><\/p>\n","protected":false},"excerpt":{"rendered":"<p>2003\/2004 Die Idee zur Gr\u00fcndung eines zweisprachigen Kindergartens hatten einige engagierte Augsburger Eltern, die sich regelm\u00e4\u00dfig im Rahmen einer englischsprachigen Spielgruppe trafen. Sie wollten ihren zweisprachig aufwachsenden Kindern eine zus\u00e4tzliche M\u00f6glichkeit bieten, das vorhandene sprachliche und kulturelle Potenzial zu erweitern. [&hellip;]<\/p>\n","protected":false},"author":1,"featured_media":0,"parent":14,"menu_order":0,"comment_status":"closed","ping_status":"closed","template":"","meta":{"footnotes":""},"class_list":["post-821","page","type-page","status-publish","hentry"],"_links":{"self":[{"href":"https:\/\/internationales-kinderhaus.de\/ika-2024\/wp-json\/wp\/v2\/pages\/821","targetHints":{"allow":["GET"]}}],"collection":[{"href":"https:\/\/internationales-kinderhaus.de\/ika-2024\/wp-json\/wp\/v2\/pages"}],"about":[{"href":"https:\/\/internationales-kinderhaus.de\/ika-2024\/wp-json\/wp\/v2\/types\/page"}],"author":[{"embeddable":true,"href":"https:\/\/internationales-kinderhaus.de\/ika-2024\/wp-json\/wp\/v2\/users\/1"}],"replies":[{"embeddable":true,"href":"https:\/\/internationales-kinderhaus.de\/ika-2024\/wp-json\/wp\/v2\/comments?post=821"}],"version-history":[{"count":1,"href":"https:\/\/internationales-kinderhaus.de\/ika-2024\/wp-json\/wp\/v2\/pages\/821\/revisions"}],"predecessor-version":[{"id":1235,"href":"https:\/\/internationales-kinderhaus.de\/ika-2024\/wp-json\/wp\/v2\/pages\/821\/revisions\/1235"}],"up":[{"embeddable":true,"href":"https:\/\/internationales-kinderhaus.de\/ika-2024\/wp-json\/wp\/v2\/pages\/14"}],"wp:attachment":[{"href":"https:\/\/internationales-kinderhaus.de\/ika-2024\/wp-json\/wp\/v2\/media?parent=821"}],"curies":[{"name":"wp","href":"https:\/\/api.w.org\/{rel}","templated":true}]}}

<p><strong>2003/2004<br />
</strong>Die Idee zur Gründung eines zweisprachigen Kindergartens hatten einige engagierte Augsburger Eltern<strong>, </strong>die sich regelmäßig im Rahmen einer englischsprachigen Spielgruppe trafen. Sie wollten ihren zweisprachig aufwachsenden Kindern eine zusätzliche Möglichkeit bieten, das vorhandene sprachliche und kulturelle Potenzial zu erweitern. Mit der Zeit schlossen sich dem Projekt auch einsprachige Familien an, die vom besonderen Wert einer frühzeitigen bilingualen Erziehung überzeugt waren. Am 30.04.2004 gründete die Elterngruppe den Verein &#8222;Internationales Kinderhaus Augsburg e.V.&#8220; und mietete im Juni des gleichen Jahres die Räume des ehemaligen Schulkindergartens der Birkenau-Schule in der Soldnerstrasse 36 in Augsburg-Lechhausen an. Die Räume wurden in den folgenden Monaten von den Eltern in ehrenamtlicher Arbeit renoviert und neugestaltet. Am 02.11.2004 konnte der Kindergartenbetrieb mit einer englisch-deutsch-sprachigen Gruppe bestehend aus 20 Kindern starten.</p>
<p><strong>2006/2007</strong><br />
In enger Zusammenarbeit mit den Verantwortlichen der St.-Anna-Schule im Zentrum Augsburgs setzte sich der Vorstand des Trägervereins dafür ein, dass an der Schule eine zweisprachige, englisch-deutsche Klasse eingerichtet werden konnte. Alle Kinder, die zum Ende dieses Kindergartenjahres den Kindergarten verließen, konnten diese neue Klasse besuchen. Schrittweise wurde in den folgenden Jahren jeweils eine weitere, zweisprachige Klasse eingerichtet. Leider steht dieses Angebot heute nur noch Kindern aus dem Schulsprengel zur Verfügung.</p>
<p><strong>2007/2008</strong><br />
Aufgrund der großen Nachfrage nach Plätzen konnte zum Kindergartenjahr 2007/2008 eine zweite Gruppe eröffnet werden. Dazu wurde der benachbarte Gruppenraum, der bislang von der Birkenau-Schule als Werkraum genutzt worden war, von den neuen Eltern in ehrenamtlicher Arbeit renoviert und umgebaut.</p>
<p><strong>2009/2010</strong><br />
Im Jahr 2009 bewarb sich der Verein für die Trägerschaft einer neuen Kindertagesstätte auf dem Gelände der ehemaligen Augsburger Kammgarnspinnerei. Hier bestand die Möglichkeit, den Kindergarten um zwei Krippen- und eine Hortgruppe zu erweitern. Der Trägerverein trat dabei als Bauherr für die neue Kindertagesstätte auf. Gemeinsam mit der Stadt Augsburg wurde zu Beginn des Jahres 2010 ein Architektenwettbewerb durchgeführt, der im Ergebnis einen Vorentwurf für das Gebäude lieferte.</p>
<p><strong>2012</strong><br />
Am 1.7.2012 begann der Bau des neuen Kinderhauses nach einer 1,5-jährigen Planungsphase. Am 13.12.2012 wurde Richtfest gefeiert.</p>
<p><strong>2013</strong><br />
Seit September 2013 befindet sich unsere Kindertagesstätte an ihrem neuen Standort im Augsburger Textilviertel. Die beiden bestehenden Kindergartengruppen zogen von Augsburg-Lechhausen ins neue Quartier um. Zwei Krippen- und eine Hortgruppe konnten neu eröffnet werden. Da die Nachfrage nach Hortplätzen zunächst gering war, konnten weitere Kindergartenkinder in einer zusätzlichen Kindergartengruppe aufgenommen werden, die sich die Räume mit dem Hort teilt.</p>
<p><strong>2014</strong><br />
Im Jahre 2014 konnte das 10-jährige Bestehen des Trägervereins sowie der Kindertagesstätte mit einem großen Fest gefeiert werden.</p>
<p><strong>2015 &#8211; 2023</strong><br />
In den folgenden Jahren wurden die Räume und die Außenanlage einschließlich der Dachterrasse weiter ausgebaut und mit neuen (Spiel-) Möglichkeiten ausgestattet. Dazu gehörten z.B. die Anschaffung von zwei Spielhäusern und einer Matschanlage, die Erweiterung der Sandspielfläche sowie die Umgestaltung eines Kletterhügels mit Hilfe einer schiefen Ebene.</p>
<p><strong>2024</strong><span data-ccp-props="{}"><strong> </strong><br />
</span><span data-contrast="auto">Zum 20-jährigen Jubiläum organisierten der Elternbeirat und der Vereinsvorstand gemeinsam mit den IKA-Familien ein großes Fest, zu dem neben auch alle ehemaligen Familien eingeladen waren. Die Feierlichkeiten fanden sowohl am ehemaligen Standort in Lechhausen als auch am aktuellen Standort statt und war ein großer Erfolg. </span><span data-ccp-props="{}"> </span></p>
<p><strong>2025</strong><span data-ccp-props="{}"><strong> </strong><br />
</span><span data-contrast="auto">Nach mehrjähriger Planung soll im Jahr 2025 die Dachterrasse des Gebäudes in einen weiteren Gruppenraum umgebaut werden. Der Hort und die dritte Kindergartengruppe, die sich bislang Räume geteilt haben, erhalten dann mehr Platz und es können zusätzliche Kinder aufgenommen werden. Der Umbau soll im Frühjahr 2025 beginnen. </span><span data-ccp-props="{}"> </span></p>

<p>2003/2004 Die Idee zur Gründung eines zweisprachigen Kindergartens hatten einige engagierte Augsburger Eltern, die sich regelmäßig im Rahmen einer englischsprachigen Spielgruppe trafen. Sie wollten ihren zweisprachig aufwachsenden Kindern eine zusätzliche Möglichkeit bieten, das vorhandene sprachliche und kulturelle Potenzial zu erweitern. [&hellip;]</p>
