{"id":75,"date":"2016-02-08T12:49:12","date_gmt":"2016-02-08T11:49:12","guid":{"rendered":"http:\/\/internationales-kinderhaus.de\/ika-wp\/?page_id=75"},"modified":"2024-11-22T16:26:47","modified_gmt":"2024-11-22T15:26:47","slug":"fuer-3-bis-6jaehrige-unser-kindergarten","status":"publish","type":"page","link":"https:\/\/internationales-kinderhaus.de\/ika-2024\/ueber-uns\/fuer-3-bis-6jaehrige-unser-kindergarten\/","title":{"rendered":"Unser Kindergarten f\u00fcr 3- bis 6-J\u00e4hrige"},"content":{"rendered":"\n<p>In unseren drei Kindergartengruppen gibt es &#8211; je nach Bedarf &#8211; ca. 55 Pl\u00e4tze f\u00fcr Kinder im Alter von 3 Jahren bis zum Schuleintritt mit flexiblen Buchungszeiten.<\/p>\n\n\n\n<figure class=\"wp-block-image alignnone\"><img decoding=\"async\" src=\"https:\/\/internationales-kinderhaus.de\/ika-wp\/wp-content\/uploads\/IKA-29.jpg\" alt=\"Garderobe im Kindergarten: Eine Reihe bunte Jacken h\u00e4ngen am Haken\"\/><figcaption class=\"wp-element-caption\">Garderobe im Kindergarten<\/figcaption><\/figure>\n\n\n\n<p><strong>Unseren Kindergartenkindern bieten wir<\/strong><\/p>\n\n\n\n<ul class=\"wp-block-list\">\n<li>Musikalische Fr\u00fcherziehung<\/li>\n\n\n\n<li>Vorschulf\u00f6rderung<\/li>\n\n\n\n<li>gesundes Fr\u00fchst\u00fcck<\/li>\n\n\n\n<li>angeleitete Bewegungsstunde<\/li>\n\n\n\n<li>Zahlenland<\/li>\n\n\n\n<li>gemeinsames Kochen<\/li>\n\n\n\n<li>Projekte<\/li>\n\n\n\n<li>Ausfl\u00fcge<\/li>\n\n\n\n<li>gemeinsame Feste u.v.m.<\/li>\n<\/ul>\n\n\n\n<p><strong>Dabei ist uns wichtig<\/strong><\/p>\n\n\n\n<ul class=\"wp-block-list\">\n<li>Kinder in ihrer Pers\u00f6nlichkeit zu st\u00e4rken und ihnen ein positives Selbstwertgef\u00fchl zu vermitteln<\/li>\n\n\n\n<li>Kindern ausreichend Spiel- und Bewegungsraum zur Verf\u00fcgung zu stellen und ihnen die M\u00f6glichkeit zu geben, sich im freien Spiel individuell zu entfalten<\/li>\n\n\n\n<li>die Partizipation und Beteiligung der Kinder an f\u00fcr sie relevanten Fragestellungen (z.B. bei Projekten)<\/li>\n\n\n\n<li>eine positive und kindgerechte \u00dcbergangsgestaltung<\/li>\n<\/ul>\n\n\n\n<p><strong>Unsere R\u00e4umlichkeiten<\/strong><\/p>\n\n\n\n<p>Unsere beiden Hauptgruppen verf\u00fcgen \u00fcber jeweils einen gro\u00dfen Gruppen- und einen Nebenraum. In den Gruppenr\u00e4umen befindet sich je eine Hochebene als zus\u00e4tzliche Spielfl\u00e4che. Au\u00dferdem kann der Flur von den Kindern zum Spielen genutzt werden. Unsere dritte, etwas kleinere Kindergartengruppe teilt sich die R\u00e4ume mit dem Hort. Hier steht ebenfalls ein Gruppenraum mit Hochebene sowie der Hausaufgabenraum des Horts zur Nutzung am Vormittag zur Verf\u00fcgung. Weiterhin gibt es f\u00fcr unsere Kindergartenkinder einen Werk- und einen Bewegungsraum sowie eine gro\u00dfz\u00fcgige Au\u00dfenspielfl\u00e4che mit Rutsche, Schaukeln und Sandspielfl\u00e4che. Abgerundet wird das Angebot durch sorgf\u00e4ltig ausgew\u00e4hlte Spielmaterialien, die zum Spielen, Forschen und Entdecken anregen.<\/p>\n\n\n\n<p>Im folgenden Video k\u00f6nnen Sie sich einen kurzen Eindruck verschaffen.<\/p>\n\n\n\n<figure class=\"wp-block-video\"><video controls src=\"http:\/\/internationales-kinderhaus.de\/ika-wp\/wp-content\/uploads\/UnserKindergarten-converted.mp4\"><\/video><\/figure>\n\n\n\n<p class=\"Stil1\">Unser Kindergartenteam freut sich auf Sie und Ihr Kind.<\/p>\n\n\n\n<figure class=\"wp-block-gallery has-nested-images columns-3 is-cropped wp-block-gallery-1 is-layout-flex wp-block-gallery-is-layout-flex\">\n<figure class=\"wp-block-image size-large\"><img loading=\"lazy\" decoding=\"async\" width=\"400\" height=\"533\" data-id=\"978\" src=\"https:\/\/internationales-kinderhaus.de\/ika-2024\/wp-content\/uploads\/2022\/10\/MagicWoods_Christina.jpg\" alt=\"\" class=\"wp-image-978\" srcset=\"https:\/\/internationales-kinderhaus.de\/ika-2024\/wp-content\/uploads\/2022\/10\/MagicWoods_Christina.jpg 400w, https:\/\/internationales-kinderhaus.de\/ika-2024\/wp-content\/uploads\/2022\/10\/MagicWoods_Christina-225x300.jpg 225w\" sizes=\"auto, (max-width: 400px) 100vw, 400px\" \/><\/figure>\n\n\n\n<figure class=\"wp-block-image size-large\"><img loading=\"lazy\" decoding=\"async\" width=\"768\" height=\"1024\" data-id=\"1237\" src=\"https:\/\/internationales-kinderhaus.de\/ika-2024\/wp-content\/uploads\/2024\/11\/Kiga2-768x1024.jpg\" alt=\"\" class=\"wp-image-1237\" srcset=\"https:\/\/internationales-kinderhaus.de\/ika-2024\/wp-content\/uploads\/2024\/11\/Kiga2-768x1024.jpg 768w, https:\/\/internationales-kinderhaus.de\/ika-2024\/wp-content\/uploads\/2024\/11\/Kiga2-225x300.jpg 225w, https:\/\/internationales-kinderhaus.de\/ika-2024\/wp-content\/uploads\/2024\/11\/Kiga2-1152x1536.jpg 1152w, https:\/\/internationales-kinderhaus.de\/ika-2024\/wp-content\/uploads\/2024\/11\/Kiga2.jpg 1277w\" sizes=\"auto, (max-width: 768px) 100vw, 768px\" \/><\/figure>\n\n\n\n<figure class=\"wp-block-image size-large\"><img loading=\"lazy\" decoding=\"async\" width=\"400\" height=\"533\" data-id=\"979\" src=\"https:\/\/internationales-kinderhaus.de\/ika-2024\/wp-content\/uploads\/2022\/10\/MagicWoods_Gina.jpg\" alt=\"\" class=\"wp-image-979\" srcset=\"https:\/\/internationales-kinderhaus.de\/ika-2024\/wp-content\/uploads\/2022\/10\/MagicWoods_Gina.jpg 400w, https:\/\/internationales-kinderhaus.de\/ika-2024\/wp-content\/uploads\/2022\/10\/MagicWoods_Gina-225x300.jpg 225w\" sizes=\"auto, (max-width: 400px) 100vw, 400px\" \/><\/figure>\n\n\n\n<figure class=\"wp-block-image size-large\"><img loading=\"lazy\" decoding=\"async\" width=\"400\" height=\"533\" data-id=\"975\" src=\"https:\/\/internationales-kinderhaus.de\/ika-2024\/wp-content\/uploads\/2022\/10\/Lions_Kayleigh.jpg\" alt=\"\" class=\"wp-image-975\" srcset=\"https:\/\/internationales-kinderhaus.de\/ika-2024\/wp-content\/uploads\/2022\/10\/Lions_Kayleigh.jpg 400w, https:\/\/internationales-kinderhaus.de\/ika-2024\/wp-content\/uploads\/2022\/10\/Lions_Kayleigh-225x300.jpg 225w\" sizes=\"auto, (max-width: 400px) 100vw, 400px\" \/><\/figure>\n\n\n\n<figure class=\"wp-block-image size-large\"><img loading=\"lazy\" decoding=\"async\" width=\"768\" height=\"1024\" data-id=\"1238\" src=\"https:\/\/internationales-kinderhaus.de\/ika-2024\/wp-content\/uploads\/2024\/11\/Kiga5-768x1024.jpg\" alt=\"\" class=\"wp-image-1238\" srcset=\"https:\/\/internationales-kinderhaus.de\/ika-2024\/wp-content\/uploads\/2024\/11\/Kiga5-768x1024.jpg 768w, https:\/\/internationales-kinderhaus.de\/ika-2024\/wp-content\/uploads\/2024\/11\/Kiga5-225x300.jpg 225w, https:\/\/internationales-kinderhaus.de\/ika-2024\/wp-content\/uploads\/2024\/11\/Kiga5-1152x1536.jpg 1152w, https:\/\/internationales-kinderhaus.de\/ika-2024\/wp-content\/uploads\/2024\/11\/Kiga5-1536x2048.jpg 1536w, https:\/\/internationales-kinderhaus.de\/ika-2024\/wp-content\/uploads\/2024\/11\/Kiga5.jpg 1609w\" sizes=\"auto, (max-width: 768px) 100vw, 768px\" \/><\/figure>\n\n\n\n<figure class=\"wp-block-image size-large\"><img loading=\"lazy\" decoding=\"async\" width=\"768\" height=\"1024\" data-id=\"1239\" src=\"https:\/\/internationales-kinderhaus.de\/ika-2024\/wp-content\/uploads\/2024\/11\/Kiga6-768x1024.jpg\" alt=\"\" class=\"wp-image-1239\" srcset=\"https:\/\/internationales-kinderhaus.de\/ika-2024\/wp-content\/uploads\/2024\/11\/Kiga6-768x1024.jpg 768w, https:\/\/internationales-kinderhaus.de\/ika-2024\/wp-content\/uploads\/2024\/11\/Kiga6-225x300.jpg 225w, https:\/\/internationales-kinderhaus.de\/ika-2024\/wp-content\/uploads\/2024\/11\/Kiga6-1152x1536.jpg 1152w, https:\/\/internationales-kinderhaus.de\/ika-2024\/wp-content\/uploads\/2024\/11\/Kiga6-1537x2048.jpg 1537w, https:\/\/internationales-kinderhaus.de\/ika-2024\/wp-content\/uploads\/2024\/11\/Kiga6-scaled.jpg 1921w\" sizes=\"auto, (max-width: 768px) 100vw, 768px\" \/><\/figure>\n\n\n\n<figure class=\"wp-block-image size-large\"><img loading=\"lazy\" decoding=\"async\" width=\"768\" height=\"1024\" data-id=\"1240\" src=\"https:\/\/internationales-kinderhaus.de\/ika-2024\/wp-content\/uploads\/2024\/11\/Kiga7-768x1024.jpg\" alt=\"\" class=\"wp-image-1240\" srcset=\"https:\/\/internationales-kinderhaus.de\/ika-2024\/wp-content\/uploads\/2024\/11\/Kiga7-768x1024.jpg 768w, https:\/\/internationales-kinderhaus.de\/ika-2024\/wp-content\/uploads\/2024\/11\/Kiga7-225x300.jpg 225w, https:\/\/internationales-kinderhaus.de\/ika-2024\/wp-content\/uploads\/2024\/11\/Kiga7-1152x1536.jpg 1152w, https:\/\/internationales-kinderhaus.de\/ika-2024\/wp-content\/uploads\/2024\/11\/Kiga7-1535x2048.jpg 1535w, https:\/\/internationales-kinderhaus.de\/ika-2024\/wp-content\/uploads\/2024\/11\/Kiga7-scaled.jpg 1919w\" sizes=\"auto, (max-width: 768px) 100vw, 768px\" \/><\/figure>\n\n\n\n<figure class=\"wp-block-image size-large\"><img loading=\"lazy\" decoding=\"async\" width=\"400\" height=\"534\" data-id=\"980\" src=\"https:\/\/internationales-kinderhaus.de\/ika-2024\/wp-content\/uploads\/2022\/10\/MagicWoods_Oxana.jpg\" alt=\"\" class=\"wp-image-980\" srcset=\"https:\/\/internationales-kinderhaus.de\/ika-2024\/wp-content\/uploads\/2022\/10\/MagicWoods_Oxana.jpg 400w, https:\/\/internationales-kinderhaus.de\/ika-2024\/wp-content\/uploads\/2022\/10\/MagicWoods_Oxana-225x300.jpg 225w\" sizes=\"auto, (max-width: 400px) 100vw, 400px\" \/><\/figure>\n\n\n\n<figure class=\"wp-block-image size-large\"><img loading=\"lazy\" decoding=\"async\" width=\"809\" height=\"1024\" data-id=\"1241\" src=\"https:\/\/internationales-kinderhaus.de\/ika-2024\/wp-content\/uploads\/2024\/11\/Kiga9-809x1024.jpg\" alt=\"\" class=\"wp-image-1241\" srcset=\"https:\/\/internationales-kinderhaus.de\/ika-2024\/wp-content\/uploads\/2024\/11\/Kiga9-809x1024.jpg 809w, https:\/\/internationales-kinderhaus.de\/ika-2024\/wp-content\/uploads\/2024\/11\/Kiga9-237x300.jpg 237w, https:\/\/internationales-kinderhaus.de\/ika-2024\/wp-content\/uploads\/2024\/11\/Kiga9-768x973.jpg 768w, https:\/\/internationales-kinderhaus.de\/ika-2024\/wp-content\/uploads\/2024\/11\/Kiga9-1213x1536.jpg 1213w, https:\/\/internationales-kinderhaus.de\/ika-2024\/wp-content\/uploads\/2024\/11\/Kiga9-1617x2048.jpg 1617w, https:\/\/internationales-kinderhaus.de\/ika-2024\/wp-content\/uploads\/2024\/11\/Kiga9.jpg 1776w\" sizes=\"auto, (max-width: 809px) 100vw, 809px\" \/><\/figure>\n<\/figure>\n\n\n\n<p>&nbsp;<\/p>\n\n\n\n<p>Unsere Geb\u00fchren-\u00dcbersicht finden Sie hier: <a href=\"http:\/\/internationales-kinderhaus.de\/anmeldeverfahren\/preise\/\">Preise<\/a><\/p>\n\n\n\n<p>&nbsp;<\/p>\n","protected":false},"excerpt":{"rendered":"<p>In unseren drei Kindergartengruppen gibt es &#8211; je nach Bedarf &#8211; ca. 55 Pl\u00e4tze f\u00fcr Kinder im Alter von 3 Jahren bis zum Schuleintritt mit flexiblen Buchungszeiten. Unseren Kindergartenkindern bieten wir Dabei ist uns wichtig Unsere R\u00e4umlichkeiten Unsere beiden Hauptgruppen [&hellip;]<\/p>\n","protected":false},"author":1,"featured_media":0,"parent":152,"menu_order":0,"comment_status":"closed","ping_status":"closed","template":"","meta":{"footnotes":""},"class_list":["post-75","page","type-page","status-publish","hentry"],"_links":{"self":[{"href":"https:\/\/internationales-kinderhaus.de\/ika-2024\/wp-json\/wp\/v2\/pages\/75","targetHints":{"allow":["GET"]}}],"collection":[{"href":"https:\/\/internationales-kinderhaus.de\/ika-2024\/wp-json\/wp\/v2\/pages"}],"about":[{"href":"https:\/\/internationales-kinderhaus.de\/ika-2024\/wp-json\/wp\/v2\/types\/page"}],"author":[{"embeddable":true,"href":"https:\/\/internationales-kinderhaus.de\/ika-2024\/wp-json\/wp\/v2\/users\/1"}],"replies":[{"embeddable":true,"href":"https:\/\/internationales-kinderhaus.de\/ika-2024\/wp-json\/wp\/v2\/comments?post=75"}],"version-history":[{"count":1,"href":"https:\/\/internationales-kinderhaus.de\/ika-2024\/wp-json\/wp\/v2\/pages\/75\/revisions"}],"predecessor-version":[{"id":1262,"href":"https:\/\/internationales-kinderhaus.de\/ika-2024\/wp-json\/wp\/v2\/pages\/75\/revisions\/1262"}],"up":[{"embeddable":true,"href":"https:\/\/internationales-kinderhaus.de\/ika-2024\/wp-json\/wp\/v2\/pages\/152"}],"wp:attachment":[{"href":"https:\/\/internationales-kinderhaus.de\/ika-2024\/wp-json\/wp\/v2\/media?parent=75"}],"curies":[{"name":"wp","href":"https:\/\/api.w.org\/{rel}","templated":true}]}}

Unser Kindergarten für 3- bis 6-Jährige

<p>In unseren drei Kindergartengruppen gibt es &#8211; je nach Bedarf &#8211; ca. 55 Plätze für Kinder im Alter von 3 Jahren bis zum Schuleintritt mit flexiblen Buchungszeiten.</p>



<figure class="wp-block-image alignnone"><img decoding="async" src="https://internationales-kinderhaus.de/ika-wp/wp-content/uploads/IKA-29.jpg" alt="Garderobe im Kindergarten: Eine Reihe bunte Jacken hängen am Haken"/><figcaption class="wp-element-caption">Garderobe im Kindergarten</figcaption></figure>



<p><strong>Unseren Kindergartenkindern bieten wir</strong></p>



<ul class="wp-block-list">
<li>Musikalische Früherziehung</li>



<li>Vorschulförderung</li>



<li>gesundes Frühstück</li>



<li>angeleitete Bewegungsstunde</li>



<li>Zahlenland</li>



<li>gemeinsames Kochen</li>



<li>Projekte</li>



<li>Ausflüge</li>



<li>gemeinsame Feste u.v.m.</li>
</ul>



<p><strong>Dabei ist uns wichtig</strong></p>



<ul class="wp-block-list">
<li>Kinder in ihrer Persönlichkeit zu stärken und ihnen ein positives Selbstwertgefühl zu vermitteln</li>



<li>Kindern ausreichend Spiel- und Bewegungsraum zur Verfügung zu stellen und ihnen die Möglichkeit zu geben, sich im freien Spiel individuell zu entfalten</li>



<li>die Partizipation und Beteiligung der Kinder an für sie relevanten Fragestellungen (z.B. bei Projekten)</li>



<li>eine positive und kindgerechte Übergangsgestaltung</li>
</ul>



<p><strong>Unsere Räumlichkeiten</strong></p>



<p>Unsere beiden Hauptgruppen verfügen über jeweils einen großen Gruppen- und einen Nebenraum. In den Gruppenräumen befindet sich je eine Hochebene als zusätzliche Spielfläche. Außerdem kann der Flur von den Kindern zum Spielen genutzt werden. Unsere dritte, etwas kleinere Kindergartengruppe teilt sich die Räume mit dem Hort. Hier steht ebenfalls ein Gruppenraum mit Hochebene sowie der Hausaufgabenraum des Horts zur Nutzung am Vormittag zur Verfügung. Weiterhin gibt es für unsere Kindergartenkinder einen Werk- und einen Bewegungsraum sowie eine großzügige Außenspielfläche mit Rutsche, Schaukeln und Sandspielfläche. Abgerundet wird das Angebot durch sorgfältig ausgewählte Spielmaterialien, die zum Spielen, Forschen und Entdecken anregen.</p>



<p>Im folgenden Video können Sie sich einen kurzen Eindruck verschaffen.</p>



<figure class="wp-block-video"><video controls src="http://internationales-kinderhaus.de/ika-wp/wp-content/uploads/UnserKindergarten-converted.mp4"></video></figure>



<p class="Stil1">Unser Kindergartenteam freut sich auf Sie und Ihr Kind.</p>



<figure class="wp-block-gallery has-nested-images columns-3 is-cropped wp-block-gallery-1 is-layout-flex wp-block-gallery-is-layout-flex">
<figure class="wp-block-image size-large"><img loading="lazy" decoding="async" width="400" height="533" data-id="978" src="https://internationales-kinderhaus.de/ika-2024/wp-content/uploads/2022/10/MagicWoods_Christina.jpg" alt="" class="wp-image-978" srcset="https://internationales-kinderhaus.de/ika-2024/wp-content/uploads/2022/10/MagicWoods_Christina.jpg 400w, https://internationales-kinderhaus.de/ika-2024/wp-content/uploads/2022/10/MagicWoods_Christina-225x300.jpg 225w" sizes="auto, (max-width: 400px) 100vw, 400px" /></figure>



<figure class="wp-block-image size-large"><img loading="lazy" decoding="async" width="768" height="1024" data-id="1237" src="https://internationales-kinderhaus.de/ika-2024/wp-content/uploads/2024/11/Kiga2-768x1024.jpg" alt="" class="wp-image-1237" srcset="https://internationales-kinderhaus.de/ika-2024/wp-content/uploads/2024/11/Kiga2-768x1024.jpg 768w, https://internationales-kinderhaus.de/ika-2024/wp-content/uploads/2024/11/Kiga2-225x300.jpg 225w, https://internationales-kinderhaus.de/ika-2024/wp-content/uploads/2024/11/Kiga2-1152x1536.jpg 1152w, https://internationales-kinderhaus.de/ika-2024/wp-content/uploads/2024/11/Kiga2.jpg 1277w" sizes="auto, (max-width: 768px) 100vw, 768px" /></figure>



<figure class="wp-block-image size-large"><img loading="lazy" decoding="async" width="400" height="533" data-id="979" src="https://internationales-kinderhaus.de/ika-2024/wp-content/uploads/2022/10/MagicWoods_Gina.jpg" alt="" class="wp-image-979" srcset="https://internationales-kinderhaus.de/ika-2024/wp-content/uploads/2022/10/MagicWoods_Gina.jpg 400w, https://internationales-kinderhaus.de/ika-2024/wp-content/uploads/2022/10/MagicWoods_Gina-225x300.jpg 225w" sizes="auto, (max-width: 400px) 100vw, 400px" /></figure>



<figure class="wp-block-image size-large"><img loading="lazy" decoding="async" width="400" height="533" data-id="975" src="https://internationales-kinderhaus.de/ika-2024/wp-content/uploads/2022/10/Lions_Kayleigh.jpg" alt="" class="wp-image-975" srcset="https://internationales-kinderhaus.de/ika-2024/wp-content/uploads/2022/10/Lions_Kayleigh.jpg 400w, https://internationales-kinderhaus.de/ika-2024/wp-content/uploads/2022/10/Lions_Kayleigh-225x300.jpg 225w" sizes="auto, (max-width: 400px) 100vw, 400px" /></figure>



<figure class="wp-block-image size-large"><img loading="lazy" decoding="async" width="768" height="1024" data-id="1238" src="https://internationales-kinderhaus.de/ika-2024/wp-content/uploads/2024/11/Kiga5-768x1024.jpg" alt="" class="wp-image-1238" srcset="https://internationales-kinderhaus.de/ika-2024/wp-content/uploads/2024/11/Kiga5-768x1024.jpg 768w, https://internationales-kinderhaus.de/ika-2024/wp-content/uploads/2024/11/Kiga5-225x300.jpg 225w, https://internationales-kinderhaus.de/ika-2024/wp-content/uploads/2024/11/Kiga5-1152x1536.jpg 1152w, https://internationales-kinderhaus.de/ika-2024/wp-content/uploads/2024/11/Kiga5-1536x2048.jpg 1536w, https://internationales-kinderhaus.de/ika-2024/wp-content/uploads/2024/11/Kiga5.jpg 1609w" sizes="auto, (max-width: 768px) 100vw, 768px" /></figure>



<figure class="wp-block-image size-large"><img loading="lazy" decoding="async" width="768" height="1024" data-id="1239" src="https://internationales-kinderhaus.de/ika-2024/wp-content/uploads/2024/11/Kiga6-768x1024.jpg" alt="" class="wp-image-1239" srcset="https://internationales-kinderhaus.de/ika-2024/wp-content/uploads/2024/11/Kiga6-768x1024.jpg 768w, https://internationales-kinderhaus.de/ika-2024/wp-content/uploads/2024/11/Kiga6-225x300.jpg 225w, https://internationales-kinderhaus.de/ika-2024/wp-content/uploads/2024/11/Kiga6-1152x1536.jpg 1152w, https://internationales-kinderhaus.de/ika-2024/wp-content/uploads/2024/11/Kiga6-1537x2048.jpg 1537w, https://internationales-kinderhaus.de/ika-2024/wp-content/uploads/2024/11/Kiga6-scaled.jpg 1921w" sizes="auto, (max-width: 768px) 100vw, 768px" /></figure>



<figure class="wp-block-image size-large"><img loading="lazy" decoding="async" width="768" height="1024" data-id="1240" src="https://internationales-kinderhaus.de/ika-2024/wp-content/uploads/2024/11/Kiga7-768x1024.jpg" alt="" class="wp-image-1240" srcset="https://internationales-kinderhaus.de/ika-2024/wp-content/uploads/2024/11/Kiga7-768x1024.jpg 768w, https://internationales-kinderhaus.de/ika-2024/wp-content/uploads/2024/11/Kiga7-225x300.jpg 225w, https://internationales-kinderhaus.de/ika-2024/wp-content/uploads/2024/11/Kiga7-1152x1536.jpg 1152w, https://internationales-kinderhaus.de/ika-2024/wp-content/uploads/2024/11/Kiga7-1535x2048.jpg 1535w, https://internationales-kinderhaus.de/ika-2024/wp-content/uploads/2024/11/Kiga7-scaled.jpg 1919w" sizes="auto, (max-width: 768px) 100vw, 768px" /></figure>



<figure class="wp-block-image size-large"><img loading="lazy" decoding="async" width="400" height="534" data-id="980" src="https://internationales-kinderhaus.de/ika-2024/wp-content/uploads/2022/10/MagicWoods_Oxana.jpg" alt="" class="wp-image-980" srcset="https://internationales-kinderhaus.de/ika-2024/wp-content/uploads/2022/10/MagicWoods_Oxana.jpg 400w, https://internationales-kinderhaus.de/ika-2024/wp-content/uploads/2022/10/MagicWoods_Oxana-225x300.jpg 225w" sizes="auto, (max-width: 400px) 100vw, 400px" /></figure>



<figure class="wp-block-image size-large"><img loading="lazy" decoding="async" width="809" height="1024" data-id="1241" src="https://internationales-kinderhaus.de/ika-2024/wp-content/uploads/2024/11/Kiga9-809x1024.jpg" alt="" class="wp-image-1241" srcset="https://internationales-kinderhaus.de/ika-2024/wp-content/uploads/2024/11/Kiga9-809x1024.jpg 809w, https://internationales-kinderhaus.de/ika-2024/wp-content/uploads/2024/11/Kiga9-237x300.jpg 237w, https://internationales-kinderhaus.de/ika-2024/wp-content/uploads/2024/11/Kiga9-768x973.jpg 768w, https://internationales-kinderhaus.de/ika-2024/wp-content/uploads/2024/11/Kiga9-1213x1536.jpg 1213w, https://internationales-kinderhaus.de/ika-2024/wp-content/uploads/2024/11/Kiga9-1617x2048.jpg 1617w, https://internationales-kinderhaus.de/ika-2024/wp-content/uploads/2024/11/Kiga9.jpg 1776w" sizes="auto, (max-width: 809px) 100vw, 809px" /></figure>
</figure>



<p>&nbsp;</p>



<p>Unsere Gebühren-Übersicht finden Sie hier: <a href="http://internationales-kinderhaus.de/anmeldeverfahren/preise/">Preise</a></p>



<p>&nbsp;</p>

<p>In unseren drei Kindergartengruppen gibt es &#8211; je nach Bedarf &#8211; ca. 55 Plätze für Kinder im Alter von 3 Jahren bis zum Schuleintritt mit flexiblen Buchungszeiten. Unseren Kindergartenkindern bieten wir Dabei ist uns wichtig Unsere Räumlichkeiten Unsere beiden Hauptgruppen [&hellip;]</p>
