{"id":741,"date":"2021-01-18T14:42:37","date_gmt":"2021-01-18T13:42:37","guid":{"rendered":"http:\/\/internationales-kinderhaus.de\/?page_id=741"},"modified":"2021-01-18T14:42:37","modified_gmt":"2021-01-18T13:42:37","slug":"haeufige-fragen-zum-hort","status":"publish","type":"page","link":"https:\/\/internationales-kinderhaus.de\/ika-2024\/faq-haeufige-fragen\/haeufige-fragen-zum-hort\/","title":{"rendered":"H\u00e4ufige Fragen zum Hort"},"content":{"rendered":"<p><strong>Wie kommt mein Kind von der Schule in den Hort?<\/strong> Leider haben wir nicht die personellen M\u00f6glichkeiten, Kinder von der Schule abzuholen. Ihr Kind muss diesen Weg also alleine bew\u00e4ltigen. Unter Umst\u00e4nden k\u00f6nnen aber Laufgemeinschaften mit anderen Kindern gebildet oder Absprachen mit anderen Eltern zum abwechselnden Begleiten der Kinder getroffen werden.<\/p>\n<p><strong>Ist der Hort w\u00e4hrend der Schulferien ge\u00f6ffnet? <\/strong>Ja, zum Teil. F\u00fcr den Hort gelten die gleichen Schlie\u00dfzeiten wie f\u00fcr unser restliches Haus. Diese sind in der Regel eine Woche an Ostern, zwei Wochen in den Sommerferien und zwei Wochen \u00fcber Weihnachten. W\u00e4hrend der restlichen Ferien ist unser Hort ge\u00f6ffnet und wir bieten ein besonderes Ferienprogramm f\u00fcr die Hortkinder an.<\/p>\n<p><strong>Macht mein Kind im Hort jeden Tag Hausaufgaben und werden sie kontrolliert? <\/strong>Ja, unsere Hortkinder erledigen an jedem Tag zwischen 14 Uhr und 15 Uhr ihre Hausaufgaben. Die Hausaufgaben werden auf Vollst\u00e4ndigkeit gepr\u00fcft. Die endg\u00fcltige Kontrolle auf Richtigkeit liegt bei den Eltern bzw. dem Lehrpersonal.<\/p>\n<p>Zur den <a href=\"http:\/\/internationales-kinderhaus.de\/faq-haeufige-fragen\/\">allgemeinen FAQ<\/a><\/p>\n","protected":false},"excerpt":{"rendered":"<p>Wie kommt mein Kind von der Schule in den Hort? Leider haben wir nicht die personellen M\u00f6glichkeiten, Kinder von der Schule abzuholen. Ihr Kind muss diesen Weg also alleine bew\u00e4ltigen. Unter Umst\u00e4nden k\u00f6nnen aber Laufgemeinschaften mit anderen Kindern gebildet oder [&hellip;]<\/p>\n","protected":false},"author":1,"featured_media":0,"parent":730,"menu_order":0,"comment_status":"closed","ping_status":"closed","template":"","meta":{"footnotes":""},"class_list":["post-741","page","type-page","status-publish","hentry"],"_links":{"self":[{"href":"https:\/\/internationales-kinderhaus.de\/ika-2024\/wp-json\/wp\/v2\/pages\/741","targetHints":{"allow":["GET"]}}],"collection":[{"href":"https:\/\/internationales-kinderhaus.de\/ika-2024\/wp-json\/wp\/v2\/pages"}],"about":[{"href":"https:\/\/internationales-kinderhaus.de\/ika-2024\/wp-json\/wp\/v2\/types\/page"}],"author":[{"embeddable":true,"href":"https:\/\/internationales-kinderhaus.de\/ika-2024\/wp-json\/wp\/v2\/users\/1"}],"replies":[{"embeddable":true,"href":"https:\/\/internationales-kinderhaus.de\/ika-2024\/wp-json\/wp\/v2\/comments?post=741"}],"version-history":[{"count":0,"href":"https:\/\/internationales-kinderhaus.de\/ika-2024\/wp-json\/wp\/v2\/pages\/741\/revisions"}],"up":[{"embeddable":true,"href":"https:\/\/internationales-kinderhaus.de\/ika-2024\/wp-json\/wp\/v2\/pages\/730"}],"wp:attachment":[{"href":"https:\/\/internationales-kinderhaus.de\/ika-2024\/wp-json\/wp\/v2\/media?parent=741"}],"curies":[{"name":"wp","href":"https:\/\/api.w.org\/{rel}","templated":true}]}}

Häufige Fragen zum Hort

<p><strong>Wie kommt mein Kind von der Schule in den Hort?</strong> Leider haben wir nicht die personellen Möglichkeiten, Kinder von der Schule abzuholen. Ihr Kind muss diesen Weg also alleine bewältigen. Unter Umständen können aber Laufgemeinschaften mit anderen Kindern gebildet oder Absprachen mit anderen Eltern zum abwechselnden Begleiten der Kinder getroffen werden.</p>
<p><strong>Ist der Hort während der Schulferien geöffnet? </strong>Ja, zum Teil. Für den Hort gelten die gleichen Schließzeiten wie für unser restliches Haus. Diese sind in der Regel eine Woche an Ostern, zwei Wochen in den Sommerferien und zwei Wochen über Weihnachten. Während der restlichen Ferien ist unser Hort geöffnet und wir bieten ein besonderes Ferienprogramm für die Hortkinder an.</p>
<p><strong>Macht mein Kind im Hort jeden Tag Hausaufgaben und werden sie kontrolliert? </strong>Ja, unsere Hortkinder erledigen an jedem Tag zwischen 14 Uhr und 15 Uhr ihre Hausaufgaben. Die Hausaufgaben werden auf Vollständigkeit geprüft. Die endgültige Kontrolle auf Richtigkeit liegt bei den Eltern bzw. dem Lehrpersonal.</p>
<p>Zur den <a href="http://internationales-kinderhaus.de/faq-haeufige-fragen/">allgemeinen FAQ</a></p>

<p>Wie kommt mein Kind von der Schule in den Hort? Leider haben wir nicht die personellen Möglichkeiten, Kinder von der Schule abzuholen. Ihr Kind muss diesen Weg also alleine bewältigen. Unter Umständen können aber Laufgemeinschaften mit anderen Kindern gebildet oder [&hellip;]</p>
