{"id":736,"date":"2021-01-18T14:39:10","date_gmt":"2021-01-18T13:39:10","guid":{"rendered":"http:\/\/internationales-kinderhaus.de\/?page_id=736"},"modified":"2021-01-18T14:39:10","modified_gmt":"2021-01-18T13:39:10","slug":"faq-kindergarten","status":"publish","type":"page","link":"https:\/\/internationales-kinderhaus.de\/ika-2024\/faq-haeufige-fragen\/faq-kindergarten\/","title":{"rendered":"H\u00e4ufige Fragen zum Kindergarten"},"content":{"rendered":"<p><strong>Kann mein Kind im Kindergarten noch einen Mittagsschlaf machen?<\/strong> Im Kindergarten gibt es leider keine Schlafm\u00f6glichkeiten. Nach dem Mittagessen findet lediglich eine kurze Ruhezeit in den Gruppen statt. Sollte ein Kind trotzdem dringend einen Mittagsschlaf brauchen, kann aber im individuellen Fall sicher eine L\u00f6sung gefunden werden (z.B. R\u00fcckzug in den Nebenraum).<\/p>\n<p><strong>Wie viele Kinder und Erzieher gibt es in jeder Gruppe? <\/strong>Wir haben zwei Kindergartengruppen mit jeweils ca.\u00a0 21 Kindern sowie eine dritte Gruppe mit nur 16 Kindern. In jeder Gruppe arbeiten mindestens zwei p\u00e4d. Fachkr\u00e4fte. Diese werden unterst\u00fctzt von Teilzeitkr\u00e4ften, Praktikanten, Bundesfreiwillige sowie englischsprachige Assistenzkr\u00e4fte (Muttersprachler).<\/p>\n<p><strong>Gibt es ein spezielles Vorschulprogramm f\u00fcr die Vorschulkinder?<\/strong> Ja, unsere Vorschulkinder besuchen an zwei Tagen in der Woche die Vorschule. Hier werden sie spielerisch auf die Anforderungen des Schulalltags vorbereitet.<\/p>\n<p><strong>Ab welchem Alter darf mein Kind den Kindergarten besuchen?<\/strong> Wir nehmen Kinder ab drei Jahren in unserem Kindergarten auf. F\u00fcr den j\u00e4hrlichen Wechsel im September bedeutet dies, dass alle Kinder, die im September drei Jahre alt werden von der Krippe in den Kindergarten wechseln k\u00f6nnen. Kinder, die erst im Oktober, November oder sp\u00e4ter drei Jahre alt werden, bleiben in der Regel noch f\u00fcr ein weiteres Jahr in unserer Krippe.<\/p>\n<p><strong>Wie l\u00e4uft die Eingew\u00f6hnung im Kindergarten ab? <\/strong>Bei der Eingew\u00f6hnung im Kindergarten orientieren wir uns an den Bed\u00fcrfnissen des Kindes. Es besteht die M\u00f6glichkeit, dass ein Elternteil eine gewisse Zeit \u2013 soweit n\u00f6tig &#8211; mit dem Kind in der Gruppe verbringt.<\/p>\n<p><strong>M\u00fcssen die Kinder eigenes Essen mitbringen? <\/strong>Das Mittagessen wird jeden Tag in unserer K\u00fcche f\u00fcr alle Gruppen frisch gekocht. Die Kinder bringen f\u00fcr den Vormittag eine kleine Brotzeit von Hause mit sowie einen kleinen Nachmittagssnack, falls die Betreuungszeit in den Nachmittag hineinreicht<\/p>\n<p>Zu den <a href=\"http:\/\/internationales-kinderhaus.de\/faq-haeufige-fragen\/\">FAQ zu allgemeinen Themen<\/a><\/p>\n","protected":false},"excerpt":{"rendered":"<p>Kann mein Kind im Kindergarten noch einen Mittagsschlaf machen? Im Kindergarten gibt es leider keine Schlafm\u00f6glichkeiten. Nach dem Mittagessen findet lediglich eine kurze Ruhezeit in den Gruppen statt. Sollte ein Kind trotzdem dringend einen Mittagsschlaf brauchen, kann aber im individuellen [&hellip;]<\/p>\n","protected":false},"author":1,"featured_media":0,"parent":730,"menu_order":0,"comment_status":"closed","ping_status":"closed","template":"","meta":{"footnotes":""},"class_list":["post-736","page","type-page","status-publish","hentry"],"_links":{"self":[{"href":"https:\/\/internationales-kinderhaus.de\/ika-2024\/wp-json\/wp\/v2\/pages\/736","targetHints":{"allow":["GET"]}}],"collection":[{"href":"https:\/\/internationales-kinderhaus.de\/ika-2024\/wp-json\/wp\/v2\/pages"}],"about":[{"href":"https:\/\/internationales-kinderhaus.de\/ika-2024\/wp-json\/wp\/v2\/types\/page"}],"author":[{"embeddable":true,"href":"https:\/\/internationales-kinderhaus.de\/ika-2024\/wp-json\/wp\/v2\/users\/1"}],"replies":[{"embeddable":true,"href":"https:\/\/internationales-kinderhaus.de\/ika-2024\/wp-json\/wp\/v2\/comments?post=736"}],"version-history":[{"count":0,"href":"https:\/\/internationales-kinderhaus.de\/ika-2024\/wp-json\/wp\/v2\/pages\/736\/revisions"}],"up":[{"embeddable":true,"href":"https:\/\/internationales-kinderhaus.de\/ika-2024\/wp-json\/wp\/v2\/pages\/730"}],"wp:attachment":[{"href":"https:\/\/internationales-kinderhaus.de\/ika-2024\/wp-json\/wp\/v2\/media?parent=736"}],"curies":[{"name":"wp","href":"https:\/\/api.w.org\/{rel}","templated":true}]}}

Häufige Fragen zum Kindergarten

<p><strong>Kann mein Kind im Kindergarten noch einen Mittagsschlaf machen?</strong> Im Kindergarten gibt es leider keine Schlafmöglichkeiten. Nach dem Mittagessen findet lediglich eine kurze Ruhezeit in den Gruppen statt. Sollte ein Kind trotzdem dringend einen Mittagsschlaf brauchen, kann aber im individuellen Fall sicher eine Lösung gefunden werden (z.B. Rückzug in den Nebenraum).</p>
<p><strong>Wie viele Kinder und Erzieher gibt es in jeder Gruppe? </strong>Wir haben zwei Kindergartengruppen mit jeweils ca.  21 Kindern sowie eine dritte Gruppe mit nur 16 Kindern. In jeder Gruppe arbeiten mindestens zwei päd. Fachkräfte. Diese werden unterstützt von Teilzeitkräften, Praktikanten, Bundesfreiwillige sowie englischsprachige Assistenzkräfte (Muttersprachler).</p>
<p><strong>Gibt es ein spezielles Vorschulprogramm für die Vorschulkinder?</strong> Ja, unsere Vorschulkinder besuchen an zwei Tagen in der Woche die Vorschule. Hier werden sie spielerisch auf die Anforderungen des Schulalltags vorbereitet.</p>
<p><strong>Ab welchem Alter darf mein Kind den Kindergarten besuchen?</strong> Wir nehmen Kinder ab drei Jahren in unserem Kindergarten auf. Für den jährlichen Wechsel im September bedeutet dies, dass alle Kinder, die im September drei Jahre alt werden von der Krippe in den Kindergarten wechseln können. Kinder, die erst im Oktober, November oder später drei Jahre alt werden, bleiben in der Regel noch für ein weiteres Jahr in unserer Krippe.</p>
<p><strong>Wie läuft die Eingewöhnung im Kindergarten ab? </strong>Bei der Eingewöhnung im Kindergarten orientieren wir uns an den Bedürfnissen des Kindes. Es besteht die Möglichkeit, dass ein Elternteil eine gewisse Zeit – soweit nötig &#8211; mit dem Kind in der Gruppe verbringt.</p>
<p><strong>Müssen die Kinder eigenes Essen mitbringen? </strong>Das Mittagessen wird jeden Tag in unserer Küche für alle Gruppen frisch gekocht. Die Kinder bringen für den Vormittag eine kleine Brotzeit von Hause mit sowie einen kleinen Nachmittagssnack, falls die Betreuungszeit in den Nachmittag hineinreicht</p>
<p>Zu den <a href="http://internationales-kinderhaus.de/faq-haeufige-fragen/">FAQ zu allgemeinen Themen</a></p>

<p>Kann mein Kind im Kindergarten noch einen Mittagsschlaf machen? Im Kindergarten gibt es leider keine Schlafmöglichkeiten. Nach dem Mittagessen findet lediglich eine kurze Ruhezeit in den Gruppen statt. Sollte ein Kind trotzdem dringend einen Mittagsschlaf brauchen, kann aber im individuellen [&hellip;]</p>
