{"id":733,"date":"2021-01-18T14:34:15","date_gmt":"2021-01-18T13:34:15","guid":{"rendered":"http:\/\/internationales-kinderhaus.de\/?page_id=733"},"modified":"2021-01-18T14:34:15","modified_gmt":"2021-01-18T13:34:15","slug":"faq-krippe","status":"publish","type":"page","link":"https:\/\/internationales-kinderhaus.de\/ika-2024\/faq-haeufige-fragen\/faq-krippe\/","title":{"rendered":"H\u00e4ufige Fragen zur Krippe"},"content":{"rendered":"<p><strong>Ab welchem Alter k\u00f6nnen Kinder in der Krippe aufgenommen werden? <\/strong>Wir nehmen Kinder ab etwa einem Jahr in unserer Krippe auf. Aufgrund gestaffelter Starttermine f\u00fcr die Eingew\u00f6hnungsphase k\u00f6nnen u.U. auch im Oktober oder November geborene Kinder, die im September noch nicht 1 Jahr alt sind, einen Platz erhalten. Sp\u00e4ter geborenen Kindern empfehlen wir einen Eintrag auf unserer Warteliste f\u00fcr einen eventuell unterj\u00e4hrig freiwerdenden Platz oder eine Anmeldung erst zum kommenden Krippenjahr.<\/p>\n<p><strong>Wie l\u00e4uft die Eingew\u00f6hnung in der Krippe ab?<\/strong> Die Eingew\u00f6hnung in unserer Krippe erfolgt in Anlehnung an das Berliner Modell nach den individuellen Bed\u00fcrfnissen des Kindes. Sie dauert etwa 4 \u2013 6 Wochen. Die ersten Tage dienen zur Orientierung und dem Kennenlernen der Gruppe. Die Eltern begleiten das Kind, sie dienen als Anker und geben Sicherheit. Die erste (kurze) Trennung findet meist in der zweiten Woche statt. Die Zeiten, in denen die Eltern nicht da sind, werden in den kommenden Wochen \u2013 je nach den Bed\u00fcrfnissen des Kinders &#8211; langsam erh\u00f6ht. F\u00fcr die Eingew\u00f6hnungszeit steht den Kindern eine Erzieherin als feste Bezugsperson zur Seite.<\/p>\n<p><strong>Wie ist der Tagesablauf in der Krippe?<br \/>\n<\/strong>Zwischen 7:30 Uhr und 8:30 Uhr ist Bringzeit (im Fr\u00fchdienst von 7:30 \u2013 8:00 Uhr werden beide Gruppen gemeinsam betreut).<br \/>\n8:30 Uhr &#8211; 10:00 Uhr: Freispiel und p\u00e4dagogische Angebote, au\u00dferdem freies Fr\u00fchst\u00fccken.<br \/>\n10:15 Uhr: Morgenkreis<br \/>\n10:30 Uhr &#8211; 11:00 Uhr: Gartenzeit (wir gehen bei jedem Wetter in den Garten &#x1f60a;)<br \/>\n11:15 Uhr: Mittagessen<br \/>\n11:45 Uhr &#8211; 14:00 Uhr Schlafenszeit<br \/>\n14:00 Uhr &#8211; 17:00 Uhr: Freispiel, Nachmittagssnack, ggf. Garten, Bewegungsraum<\/p>\n<p><strong>Wie funktioniert das zweisprachige Konzept mit den Krippenkindern?<\/strong> Sehr gut. In unseren beiden Krippengruppen gibt es jeweils eine englischsprachige Bezugsperson, die den Tag der Kinder in englischer Sprache begleitet (= Immersion\/Sprachbad). Ist es offensichtlich, dass ein Kind etwas nicht versteht, \u00fcbersetzt eine deutschsprachige Fachkraft das Gesagte ins Deutsche, bzw. die englischsprachige Fachkraft wiederholt es auf Englisch und Deutsch. Grunds\u00e4tzlich funktioniert diese Vorgehensweise auch bei den ganz Kleinen schon sehr gut. Die Kinder nehmen die ihnen fremde Sprache gut an und sprechen u.U. auch schon erste englische W\u00f6rter nach.<\/p>\n<p><strong>Wie viele Kinder und Erzieher gibt es in jeder Gruppe?<\/strong> Jede unserer Krippengruppen besteht aus 13 Krippenkinder. Betreut werden sie von jeweils 3 Erzieherinnen. Zus\u00e4tzlich gibt es wechselnde Praktikanten und eine Bundesfreiwillige, die unser Team unterst\u00fctzen.<\/p>\n<p><strong>M\u00fcssen die Kinder eigenes Essen mitbringen? <\/strong>Das Mittagessen wird jeden Tag in unserer K\u00fcche f\u00fcr alle Gruppen frisch gekocht. Die Kinder bringen f\u00fcr den Vormittag eine kleine Brotzeit von Hause mit sowie einen kleinen Nachmittagssnack, falls die Betreuungszeit in den Nachmittag hineinreicht.<\/p>\n<p><strong>Wie funktioniert der Mittagsschlaf in der Krippe?<\/strong> Jedes Kind hat seinen eigenen Schlafplatz und bringt seine eigenen Schlafsachen (gerne auch ein Kuscheltier) von zu Hause mit. Gegen 12 Uhr legen wir alle Kinder gemeinsam in unserem Nebenraum zum Schlafen. In der Regel funktioniert das gemeinsame Schlafen nach einer kurzen Gew\u00f6hnungszeit gut. Falls ein Kind nicht schlafen m\u00f6chte, kann es sich auch ruhig im Gruppenraum besch\u00e4ftigen.<\/p>\n<p><strong>Kann mein Kind auch w\u00e4hrend dem laufenden Jahr von der Krippe in den Kindergarten wechseln? <\/strong>In der Regel erfolgt der Wechsel von der Krippe in den Kindergarten immer im September eines jeden Jahres. Je nach den individuellen Bed\u00fcrfnissen eines Kindes, der Verf\u00fcgbarkeit von Pl\u00e4tzen im Kindergarten und nach intensiver Beratung und Absprache ist in Ausnahmef\u00e4llen auch ein unterj\u00e4hriger Wechsel denkbar.<\/p>\n<p>Zu den <a href=\"http:\/\/internationales-kinderhaus.de\/faq-haeufige-fragen\/\">FAQ f\u00fcr allgemeinen Fragen<\/a><\/p>\n","protected":false},"excerpt":{"rendered":"<p>Ab welchem Alter k\u00f6nnen Kinder in der Krippe aufgenommen werden? Wir nehmen Kinder ab etwa einem Jahr in unserer Krippe auf. Aufgrund gestaffelter Starttermine f\u00fcr die Eingew\u00f6hnungsphase k\u00f6nnen u.U. auch im Oktober oder November geborene Kinder, die im September noch [&hellip;]<\/p>\n","protected":false},"author":1,"featured_media":0,"parent":730,"menu_order":0,"comment_status":"closed","ping_status":"closed","template":"","meta":{"footnotes":""},"class_list":["post-733","page","type-page","status-publish","hentry"],"_links":{"self":[{"href":"https:\/\/internationales-kinderhaus.de\/ika-2024\/wp-json\/wp\/v2\/pages\/733","targetHints":{"allow":["GET"]}}],"collection":[{"href":"https:\/\/internationales-kinderhaus.de\/ika-2024\/wp-json\/wp\/v2\/pages"}],"about":[{"href":"https:\/\/internationales-kinderhaus.de\/ika-2024\/wp-json\/wp\/v2\/types\/page"}],"author":[{"embeddable":true,"href":"https:\/\/internationales-kinderhaus.de\/ika-2024\/wp-json\/wp\/v2\/users\/1"}],"replies":[{"embeddable":true,"href":"https:\/\/internationales-kinderhaus.de\/ika-2024\/wp-json\/wp\/v2\/comments?post=733"}],"version-history":[{"count":0,"href":"https:\/\/internationales-kinderhaus.de\/ika-2024\/wp-json\/wp\/v2\/pages\/733\/revisions"}],"up":[{"embeddable":true,"href":"https:\/\/internationales-kinderhaus.de\/ika-2024\/wp-json\/wp\/v2\/pages\/730"}],"wp:attachment":[{"href":"https:\/\/internationales-kinderhaus.de\/ika-2024\/wp-json\/wp\/v2\/media?parent=733"}],"curies":[{"name":"wp","href":"https:\/\/api.w.org\/{rel}","templated":true}]}}

Häufige Fragen zur Krippe

<p><strong>Ab welchem Alter können Kinder in der Krippe aufgenommen werden? </strong>Wir nehmen Kinder ab etwa einem Jahr in unserer Krippe auf. Aufgrund gestaffelter Starttermine für die Eingewöhnungsphase können u.U. auch im Oktober oder November geborene Kinder, die im September noch nicht 1 Jahr alt sind, einen Platz erhalten. Später geborenen Kindern empfehlen wir einen Eintrag auf unserer Warteliste für einen eventuell unterjährig freiwerdenden Platz oder eine Anmeldung erst zum kommenden Krippenjahr.</p>
<p><strong>Wie läuft die Eingewöhnung in der Krippe ab?</strong> Die Eingewöhnung in unserer Krippe erfolgt in Anlehnung an das Berliner Modell nach den individuellen Bedürfnissen des Kindes. Sie dauert etwa 4 – 6 Wochen. Die ersten Tage dienen zur Orientierung und dem Kennenlernen der Gruppe. Die Eltern begleiten das Kind, sie dienen als Anker und geben Sicherheit. Die erste (kurze) Trennung findet meist in der zweiten Woche statt. Die Zeiten, in denen die Eltern nicht da sind, werden in den kommenden Wochen – je nach den Bedürfnissen des Kinders &#8211; langsam erhöht. Für die Eingewöhnungszeit steht den Kindern eine Erzieherin als feste Bezugsperson zur Seite.</p>
<p><strong>Wie ist der Tagesablauf in der Krippe?<br />
</strong>Zwischen 7:30 Uhr und 8:30 Uhr ist Bringzeit (im Frühdienst von 7:30 – 8:00 Uhr werden beide Gruppen gemeinsam betreut).<br />
8:30 Uhr &#8211; 10:00 Uhr: Freispiel und pädagogische Angebote, außerdem freies Frühstücken.<br />
10:15 Uhr: Morgenkreis<br />
10:30 Uhr &#8211; 11:00 Uhr: Gartenzeit (wir gehen bei jedem Wetter in den Garten &#x1f60a;)<br />
11:15 Uhr: Mittagessen<br />
11:45 Uhr &#8211; 14:00 Uhr Schlafenszeit<br />
14:00 Uhr &#8211; 17:00 Uhr: Freispiel, Nachmittagssnack, ggf. Garten, Bewegungsraum</p>
<p><strong>Wie funktioniert das zweisprachige Konzept mit den Krippenkindern?</strong> Sehr gut. In unseren beiden Krippengruppen gibt es jeweils eine englischsprachige Bezugsperson, die den Tag der Kinder in englischer Sprache begleitet (= Immersion/Sprachbad). Ist es offensichtlich, dass ein Kind etwas nicht versteht, übersetzt eine deutschsprachige Fachkraft das Gesagte ins Deutsche, bzw. die englischsprachige Fachkraft wiederholt es auf Englisch und Deutsch. Grundsätzlich funktioniert diese Vorgehensweise auch bei den ganz Kleinen schon sehr gut. Die Kinder nehmen die ihnen fremde Sprache gut an und sprechen u.U. auch schon erste englische Wörter nach.</p>
<p><strong>Wie viele Kinder und Erzieher gibt es in jeder Gruppe?</strong> Jede unserer Krippengruppen besteht aus 13 Krippenkinder. Betreut werden sie von jeweils 3 Erzieherinnen. Zusätzlich gibt es wechselnde Praktikanten und eine Bundesfreiwillige, die unser Team unterstützen.</p>
<p><strong>Müssen die Kinder eigenes Essen mitbringen? </strong>Das Mittagessen wird jeden Tag in unserer Küche für alle Gruppen frisch gekocht. Die Kinder bringen für den Vormittag eine kleine Brotzeit von Hause mit sowie einen kleinen Nachmittagssnack, falls die Betreuungszeit in den Nachmittag hineinreicht.</p>
<p><strong>Wie funktioniert der Mittagsschlaf in der Krippe?</strong> Jedes Kind hat seinen eigenen Schlafplatz und bringt seine eigenen Schlafsachen (gerne auch ein Kuscheltier) von zu Hause mit. Gegen 12 Uhr legen wir alle Kinder gemeinsam in unserem Nebenraum zum Schlafen. In der Regel funktioniert das gemeinsame Schlafen nach einer kurzen Gewöhnungszeit gut. Falls ein Kind nicht schlafen möchte, kann es sich auch ruhig im Gruppenraum beschäftigen.</p>
<p><strong>Kann mein Kind auch während dem laufenden Jahr von der Krippe in den Kindergarten wechseln? </strong>In der Regel erfolgt der Wechsel von der Krippe in den Kindergarten immer im September eines jeden Jahres. Je nach den individuellen Bedürfnissen eines Kindes, der Verfügbarkeit von Plätzen im Kindergarten und nach intensiver Beratung und Absprache ist in Ausnahmefällen auch ein unterjähriger Wechsel denkbar.</p>
<p>Zu den <a href="http://internationales-kinderhaus.de/faq-haeufige-fragen/">FAQ für allgemeinen Fragen</a></p>

<p>Ab welchem Alter können Kinder in der Krippe aufgenommen werden? Wir nehmen Kinder ab etwa einem Jahr in unserer Krippe auf. Aufgrund gestaffelter Starttermine für die Eingewöhnungsphase können u.U. auch im Oktober oder November geborene Kinder, die im September noch [&hellip;]</p>
