{"id":152,"date":"2015-10-28T12:40:06","date_gmt":"2015-10-28T11:40:06","guid":{"rendered":"http:\/\/internationales-kinderhaus.de\/ika-wp\/?page_id=2"},"modified":"2024-11-22T16:13:25","modified_gmt":"2024-11-22T15:13:25","slug":"ueber-uns","status":"publish","type":"page","link":"https:\/\/internationales-kinderhaus.de\/ika-2024\/ueber-uns\/","title":{"rendered":"Herzlich willkommen im Internationalen Kinderhaus Augsburg"},"content":{"rendered":"<p>Wir sind eine zweisprachige Elterninitiativ-Kindertagesst\u00e4tte im Augsburger Textilviertel mit sechs englisch-deutschsprachigen Gruppen f\u00fcr Kinder im Alter von 1 bis 10 Jahren. Seit unserer Gr\u00fcndung im Jahr 2004 liegt uns die zweisprachige Erziehung und Bildung unserer Kinder sehr am Herzen \u2013 von unseren 1-j\u00e4hrigen Nesth\u00e4kchen in der Krippe bis zu den Schulkindern im Hort. Im Zentrum unserer Arbeit stehen die Kinder. Sie sollen sich wohl und geborgen f\u00fchlen und gen\u00fcgend Raum zur individuellen Entwicklung und Entfaltung haben. Neben der Zweisprachigkeit verfolgen wir einen ganzheitlichen Erziehungs- und Bildungsansatz bei dem uns der interkulturelle Austausch sowie der Erwerb sozialer Kompetenzen wichtig sind ebenso wie die Freude daran, Neues zu entdecken.<\/p>\n<figure style=\"width: 2500px\" class=\"wp-caption alignleft\"><img loading=\"lazy\" decoding=\"async\" src=\"https:\/\/internationales-kinderhaus.de\/ika-wp\/wp-content\/uploads\/IKA-18.jpg\" alt=\"Das IKA: Au\u00dfenansicht Geb\u00e4ude\" width=\"2500\" height=\"1667\" \/><figcaption class=\"wp-caption-text\">Das IKA in der Sch\u00e4fflerbachstra\u00dfe 28<\/figcaption><\/figure>\n<p>Unser Kindergarten steht Familien aus allen Kulturen offen und richtet sich vorrangig an Kinder, die bereits zweisprachig mit Englisch und Deutsch aufwachsen, sowie an Kinder aus einsprachigen Familien, deren Eltern an der fr\u00fchzeitigen F\u00f6rderung einer zweiten Sprache gelegen ist. Als Elterninitiative sprechen wir dar\u00fcber hinaus besonders Eltern an, die sich f\u00fcr die Belange der Kinder und des Kindergartens einsetzen m\u00f6chten.<\/p>\n<div style=\"width: 640px;\" class=\"wp-video\"><video class=\"wp-video-shortcode\" id=\"video-152-1\" width=\"640\" height=\"360\" preload=\"metadata\" controls=\"controls\"><source type=\"video\/mp4\" src=\"http:\/\/internationales-kinderhaus.de\/ika-wp\/wp-content\/uploads\/UnserAussenbereich-converted.mp4?_=1\" \/><a href=\"http:\/\/internationales-kinderhaus.de\/ika-wp\/wp-content\/uploads\/UnserAussenbereich-converted.mp4\">http:\/\/internationales-kinderhaus.de\/ika-wp\/wp-content\/uploads\/UnserAussenbereich-converted.mp4<\/a><\/video><\/div>\n<p>&nbsp;<\/p>\n<p>Wir m\u00f6chten Sie einladen, sich auf diesen Seiten \u00fcber uns, unser Haus und unsere Konzeption zu informieren. Falls Sie weitere Fragen haben, rufen Sie uns gerne an.<\/p>\n<p>Ihr Leitungs-Team im Internationalen Kinderhaus Augsburg<\/p>\n<figure id=\"attachment_1248\" aria-describedby=\"caption-attachment-1248\" style=\"width: 780px\" class=\"wp-caption alignleft\"><img loading=\"lazy\" decoding=\"async\" class=\"wp-image-1248 size-large\" src=\"https:\/\/internationales-kinderhaus.de\/ika-2024\/wp-content\/uploads\/2024\/11\/Leitung-1024x740.jpg\" alt=\"\" width=\"780\" height=\"564\" srcset=\"https:\/\/internationales-kinderhaus.de\/ika-2024\/wp-content\/uploads\/2024\/11\/Leitung-1024x740.jpg 1024w, https:\/\/internationales-kinderhaus.de\/ika-2024\/wp-content\/uploads\/2024\/11\/Leitung-300x217.jpg 300w, https:\/\/internationales-kinderhaus.de\/ika-2024\/wp-content\/uploads\/2024\/11\/Leitung-768x555.jpg 768w, https:\/\/internationales-kinderhaus.de\/ika-2024\/wp-content\/uploads\/2024\/11\/Leitung-1536x1109.jpg 1536w, https:\/\/internationales-kinderhaus.de\/ika-2024\/wp-content\/uploads\/2024\/11\/Leitung-2048x1479.jpg 2048w\" sizes=\"auto, (max-width: 780px) 100vw, 780px\" \/><figcaption id=\"caption-attachment-1248\" class=\"wp-caption-text\">B\u00fcroteam: Vivian Schuck, Martina Devine und Bernadette B\u00f6nisch.<\/figcaption><\/figure>\n<p><em>\u00a0<\/em><\/p>\n<p>&nbsp;<\/p>\n","protected":false},"excerpt":{"rendered":"<p>Wir sind eine zweisprachige Elterninitiativ-Kindertagesst\u00e4tte im Augsburger Textilviertel mit sechs englisch-deutschsprachigen Gruppen f\u00fcr Kinder im Alter von 1 bis 10 Jahren. Seit unserer Gr\u00fcndung im Jahr 2004 liegt uns die zweisprachige Erziehung und Bildung unserer Kinder sehr am Herzen \u2013 [&hellip;]<\/p>\n","protected":false},"author":1,"featured_media":0,"parent":0,"menu_order":0,"comment_status":"closed","ping_status":"open","template":"","meta":{"footnotes":""},"class_list":["post-152","page","type-page","status-publish","hentry"],"_links":{"self":[{"href":"https:\/\/internationales-kinderhaus.de\/ika-2024\/wp-json\/wp\/v2\/pages\/152","targetHints":{"allow":["GET"]}}],"collection":[{"href":"https:\/\/internationales-kinderhaus.de\/ika-2024\/wp-json\/wp\/v2\/pages"}],"about":[{"href":"https:\/\/internationales-kinderhaus.de\/ika-2024\/wp-json\/wp\/v2\/types\/page"}],"author":[{"embeddable":true,"href":"https:\/\/internationales-kinderhaus.de\/ika-2024\/wp-json\/wp\/v2\/users\/1"}],"replies":[{"embeddable":true,"href":"https:\/\/internationales-kinderhaus.de\/ika-2024\/wp-json\/wp\/v2\/comments?post=152"}],"version-history":[{"count":3,"href":"https:\/\/internationales-kinderhaus.de\/ika-2024\/wp-json\/wp\/v2\/pages\/152\/revisions"}],"predecessor-version":[{"id":1250,"href":"https:\/\/internationales-kinderhaus.de\/ika-2024\/wp-json\/wp\/v2\/pages\/152\/revisions\/1250"}],"wp:attachment":[{"href":"https:\/\/internationales-kinderhaus.de\/ika-2024\/wp-json\/wp\/v2\/media?parent=152"}],"curies":[{"name":"wp","href":"https:\/\/api.w.org\/{rel}","templated":true}]}}

<p>Wir sind eine zweisprachige Elterninitiativ-Kindertagesstätte im Augsburger Textilviertel mit sechs englisch-deutschsprachigen Gruppen für Kinder im Alter von 1 bis 10 Jahren. Seit unserer Gründung im Jahr 2004 liegt uns die zweisprachige Erziehung und Bildung unserer Kinder sehr am Herzen – von unseren 1-jährigen Nesthäkchen in der Krippe bis zu den Schulkindern im Hort. Im Zentrum unserer Arbeit stehen die Kinder. Sie sollen sich wohl und geborgen fühlen und genügend Raum zur individuellen Entwicklung und Entfaltung haben. Neben der Zweisprachigkeit verfolgen wir einen ganzheitlichen Erziehungs- und Bildungsansatz bei dem uns der interkulturelle Austausch sowie der Erwerb sozialer Kompetenzen wichtig sind ebenso wie die Freude daran, Neues zu entdecken.</p>
<figure style="width: 2500px" class="wp-caption alignleft"><img loading="lazy" decoding="async" src="https://internationales-kinderhaus.de/ika-wp/wp-content/uploads/IKA-18.jpg" alt="Das IKA: Außenansicht Gebäude" width="2500" height="1667" /><figcaption class="wp-caption-text">Das IKA in der Schäfflerbachstraße 28</figcaption></figure>
<p>Unser Kindergarten steht Familien aus allen Kulturen offen und richtet sich vorrangig an Kinder, die bereits zweisprachig mit Englisch und Deutsch aufwachsen, sowie an Kinder aus einsprachigen Familien, deren Eltern an der frühzeitigen Förderung einer zweiten Sprache gelegen ist. Als Elterninitiative sprechen wir darüber hinaus besonders Eltern an, die sich für die Belange der Kinder und des Kindergartens einsetzen möchten.</p>
<div style="width: 640px;" class="wp-video"><video class="wp-video-shortcode" id="video-152-1" width="640" height="360" preload="metadata" controls="controls"><source type="video/mp4" src="http://internationales-kinderhaus.de/ika-wp/wp-content/uploads/UnserAussenbereich-converted.mp4?_=1" /><a href="http://internationales-kinderhaus.de/ika-wp/wp-content/uploads/UnserAussenbereich-converted.mp4">http://internationales-kinderhaus.de/ika-wp/wp-content/uploads/UnserAussenbereich-converted.mp4</a></video></div>
<p>&nbsp;</p>
<p>Wir möchten Sie einladen, sich auf diesen Seiten über uns, unser Haus und unsere Konzeption zu informieren. Falls Sie weitere Fragen haben, rufen Sie uns gerne an.</p>
<p>Ihr Leitungs-Team im Internationalen Kinderhaus Augsburg</p>
<figure id="attachment_1248" aria-describedby="caption-attachment-1248" style="width: 780px" class="wp-caption alignleft"><img loading="lazy" decoding="async" class="wp-image-1248 size-large" src="https://internationales-kinderhaus.de/ika-2024/wp-content/uploads/2024/11/Leitung-1024x740.jpg" alt="" width="780" height="564" srcset="https://internationales-kinderhaus.de/ika-2024/wp-content/uploads/2024/11/Leitung-1024x740.jpg 1024w, https://internationales-kinderhaus.de/ika-2024/wp-content/uploads/2024/11/Leitung-300x217.jpg 300w, https://internationales-kinderhaus.de/ika-2024/wp-content/uploads/2024/11/Leitung-768x555.jpg 768w, https://internationales-kinderhaus.de/ika-2024/wp-content/uploads/2024/11/Leitung-1536x1109.jpg 1536w, https://internationales-kinderhaus.de/ika-2024/wp-content/uploads/2024/11/Leitung-2048x1479.jpg 2048w" sizes="auto, (max-width: 780px) 100vw, 780px" /><figcaption id="caption-attachment-1248" class="wp-caption-text">Büroteam: Vivian Schuck, Martina Devine und Bernadette Bönisch.</figcaption></figure>
<p><em> </em></p>
<p>&nbsp;</p>

<p>Wir sind eine zweisprachige Elterninitiativ-Kindertagesstätte im Augsburger Textilviertel mit sechs englisch-deutschsprachigen Gruppen für Kinder im Alter von 1 bis 10 Jahren. Seit unserer Gründung im Jahr 2004 liegt uns die zweisprachige Erziehung und Bildung unserer Kinder sehr am Herzen – [&hellip;]</p>
