{"id":120,"date":"2016-04-07T17:13:08","date_gmt":"2016-04-07T15:13:08","guid":{"rendered":"http:\/\/internationales-kinderhaus.de\/?page_id=120"},"modified":"2025-02-27T11:08:05","modified_gmt":"2025-02-27T10:08:05","slug":"wir-sind-schwerpunkt-kita-sprache-und-integration","status":"publish","type":"page","link":"https:\/\/internationales-kinderhaus.de\/ika-2024\/konzeption\/wir-sind-schwerpunkt-kita-sprache-und-integration\/","title":{"rendered":"Wir sind Sprach-Kita &#8211; Was bedeutet das?"},"content":{"rendered":"<p>Sprache ist der Schl\u00fcssel zu gleichen Bildungschancen f\u00fcr alle Kinder von Anfang an. Wir brauche sie, um uns zu verst\u00e4ndigen, zu spielen und zu lernen. Wissenschaftliche Studien zeigen, dass sprachliche Bildung besonders wirksam ist, wenn sie fr\u00fch beginnt. Im Kita-Alltag finden sich zahlreiche Anl\u00e4sse, um den Spracherwerb und die Sprachentwicklung anzuregen.<\/p>\n<p>Mit dem Bundesprogramm \u201cSprach-Kitas\u201d unterst\u00fctzte das Bundesministerium f\u00fcr Familie, Senioren, Frauen und Jugend unsere Einrichtung als eine von rund 4000 ausgew\u00e4hlten Kindertagesst\u00e4tten, um unseren Kindern eine qualitative alltagsintegrierte Sprachf\u00f6rderung bieten zu k\u00f6nnen. Dies wird von einer eigens daf\u00fcr angestellten zus\u00e4tzlichen Sprachfachkraft durchgef\u00fchrt, welche von einer externen Fachberatung qualifiziert und begleitet wird.<\/p>\n<p><span data-contrast=\"auto\"><a href=\"http:\/\/internationales-kinderhaus.de\/ika-wp\/wp-content\/uploads\/Dani_4.3.jpg\" rel=\"attachment wp-att-704\"><img loading=\"lazy\" decoding=\"async\" class=\"alignleft wp-image-704 size-medium\" src=\"https:\/\/internationales-kinderhaus.de\/ika-2024\/wp-content\/uploads\/2020\/12\/Dani_4.3-226x300.jpg\" alt=\"Portr\u00e4taufnahme der Sprachkraft Daniela Wenzel\" width=\"226\" height=\"300\" srcset=\"https:\/\/internationales-kinderhaus.de\/ika-2024\/wp-content\/uploads\/2020\/12\/Dani_4.3-226x300.jpg 226w, https:\/\/internationales-kinderhaus.de\/ika-2024\/wp-content\/uploads\/2020\/12\/Dani_4.3.jpg 343w\" sizes=\"auto, (max-width: 226px) 100vw, 226px\" \/><\/a><\/span><\/p>\n<p>Das Bayerische Staatsministerium f\u00fcr Familie, Arbeit und Soziales verl\u00e4ngert die F\u00f6rderung der bisherigen Sprach-Kitas in Bayern bis Ende 2025 und entwickelt das Landesprogramm ab Herbst 2025 gemeinsam mit Tr\u00e4gern und Verb\u00e4nden weiter.<\/p>\n<p>Unsere <strong>Sprachfachkraft Daniela Wenzel<\/strong> unterst\u00fctzt, schult und ber\u00e4t fachlich, im engen Austausch mit der p\u00e4dagogischen Leitung, das Kita-Team zu folgenden Schwerpunkten:<\/p>\n<p><strong>Alltagsintegrierte sprachliche Bildung<\/strong><\/p>\n<p>Kinder lernen Sprache in anregungsreichen Situationen inmitten ihrer Lebens- und Erfahrungswelt. Alltagsintegrierte sprachliche Bildung orientiert sich an den individuellen Kompetenzen und Interessen der Kinder und unterst\u00fctzt ihre nat\u00fcrliche Sprachentwicklung.<\/p>\n<p>&nbsp;<\/p>\n<p><strong>Inklusive P\u00e4dagogik<\/strong><\/p>\n<p>Vielfalt und Verschiedenheit sind eine Bereicherung im Kita-Alltag. Eine inklusive P\u00e4dagogik ermutigt Kinder und Erwachsenen Vorurteile, Diskriminierung und Benachteiligung kritisch zu hinterfragen sowie eigene Gedanken und Gef\u00fchle zu artikulieren. Dies bedeutet, sowohl den Gemeinsamkeiten und St\u00e4rken der Kinder Aufmerksamkeit zu schenken, als auch Vielfalt zu thematisieren und wertzusch\u00e4tzen. Dies er\u00f6ffnet zahlreiche Sprachanl\u00e4sse und tr\u00e4gt zu einer vorurteilsfreien Bildung und Erziehung bei.<\/p>\n<p><strong>Zusammenarbeit mit Familien<\/strong><\/p>\n<p>Eine vertrauensvolle und willkommen hei\u00dfende Bildungs- und Erziehungspartnerschaft zwischen den p\u00e4dagogischen Fachkr\u00e4ften und den Familien unterschiedlicher Herkunft ist notwendig, um Kinder ganzheitlich in ihrer Sprachentwicklung zu begleiten. Denn Sprachbildung findet zuerst durch Eltern und auch zu Hause statt.<\/p>\n<p><strong>Digitalisierung<\/strong><\/p>\n<p>Der Einsatz digitaler Ger\u00e4te im Kindergarten bringt viele Vorteile mit sich, spart Zeit und erweitert die M\u00f6glichkeiten f\u00fcr spannende Bildungsangebote. Ziel ist nicht, digitale Medien im p\u00e4dagogischen Alltag den Kindern uneingeschr\u00e4nkt zur Verf\u00fcgung zu stellen, sondern eine lernende Auseinandersetzung mit diesen neuen M\u00f6glichkeiten zu schaffen. Deshalb ist es f\u00fcr Eltern und P\u00e4dagogen\/innen gleicherma\u00dfen wichtig, sich mit der Digitalisierung zu befassen und sich diese, voller Mut und Zuversicht, anzueignen. Denn nur so kann es uns gelingen, die Kinder in eine f\u00fcr uns alle heute noch fremde Zukunft hinein zu begleiten.<\/p>\n<p><img decoding=\"async\" src=\"https:\/\/internationales-kinderhaus.de\/ika-wp\/wp-content\/uploads\/Logo_BMFSFJ-300x212.jpg\" alt=\"Logo_BMFSFJ\" \/> <img decoding=\"async\" src=\"https:\/\/internationales-kinderhaus.de\/ika-wp\/wp-content\/uploads\/Banner-Sprach-Kitas-mit-Logo-350x150-300x129.jpg\" alt=\"Banner Sprach-Kitas - Fr\u00fche Bildung, gleiche Chancen\" \/><\/p>\n","protected":false},"excerpt":{"rendered":"<p>Sprache ist der Schl\u00fcssel zu gleichen Bildungschancen f\u00fcr alle Kinder von Anfang an. Wir brauche sie, um uns zu verst\u00e4ndigen, zu spielen und zu lernen. Wissenschaftliche Studien zeigen, dass sprachliche Bildung besonders wirksam ist, wenn sie fr\u00fch beginnt. Im Kita-Alltag [&hellip;]<\/p>\n","protected":false},"author":1,"featured_media":0,"parent":9,"menu_order":0,"comment_status":"closed","ping_status":"closed","template":"","meta":{"footnotes":""},"class_list":["post-120","page","type-page","status-publish","hentry"],"_links":{"self":[{"href":"https:\/\/internationales-kinderhaus.de\/ika-2024\/wp-json\/wp\/v2\/pages\/120","targetHints":{"allow":["GET"]}}],"collection":[{"href":"https:\/\/internationales-kinderhaus.de\/ika-2024\/wp-json\/wp\/v2\/pages"}],"about":[{"href":"https:\/\/internationales-kinderhaus.de\/ika-2024\/wp-json\/wp\/v2\/types\/page"}],"author":[{"embeddable":true,"href":"https:\/\/internationales-kinderhaus.de\/ika-2024\/wp-json\/wp\/v2\/users\/1"}],"replies":[{"embeddable":true,"href":"https:\/\/internationales-kinderhaus.de\/ika-2024\/wp-json\/wp\/v2\/comments?post=120"}],"version-history":[{"count":3,"href":"https:\/\/internationales-kinderhaus.de\/ika-2024\/wp-json\/wp\/v2\/pages\/120\/revisions"}],"predecessor-version":[{"id":1321,"href":"https:\/\/internationales-kinderhaus.de\/ika-2024\/wp-json\/wp\/v2\/pages\/120\/revisions\/1321"}],"up":[{"embeddable":true,"href":"https:\/\/internationales-kinderhaus.de\/ika-2024\/wp-json\/wp\/v2\/pages\/9"}],"wp:attachment":[{"href":"https:\/\/internationales-kinderhaus.de\/ika-2024\/wp-json\/wp\/v2\/media?parent=120"}],"curies":[{"name":"wp","href":"https:\/\/api.w.org\/{rel}","templated":true}]}}

<p>Sprache ist der Schlüssel zu gleichen Bildungschancen für alle Kinder von Anfang an. Wir brauche sie, um uns zu verständigen, zu spielen und zu lernen. Wissenschaftliche Studien zeigen, dass sprachliche Bildung besonders wirksam ist, wenn sie früh beginnt. Im Kita-Alltag finden sich zahlreiche Anlässe, um den Spracherwerb und die Sprachentwicklung anzuregen.</p>
<p>Mit dem Bundesprogramm “Sprach-Kitas” unterstützte das Bundesministerium für Familie, Senioren, Frauen und Jugend unsere Einrichtung als eine von rund 4000 ausgewählten Kindertagesstätten, um unseren Kindern eine qualitative alltagsintegrierte Sprachförderung bieten zu können. Dies wird von einer eigens dafür angestellten zusätzlichen Sprachfachkraft durchgeführt, welche von einer externen Fachberatung qualifiziert und begleitet wird.</p>
<p><span data-contrast="auto"><a href="http://internationales-kinderhaus.de/ika-wp/wp-content/uploads/Dani_4.3.jpg" rel="attachment wp-att-704"><img loading="lazy" decoding="async" class="alignleft wp-image-704 size-medium" src="https://internationales-kinderhaus.de/ika-2024/wp-content/uploads/2020/12/Dani_4.3-226x300.jpg" alt="Porträtaufnahme der Sprachkraft Daniela Wenzel" width="226" height="300" srcset="https://internationales-kinderhaus.de/ika-2024/wp-content/uploads/2020/12/Dani_4.3-226x300.jpg 226w, https://internationales-kinderhaus.de/ika-2024/wp-content/uploads/2020/12/Dani_4.3.jpg 343w" sizes="auto, (max-width: 226px) 100vw, 226px" /></a></span></p>
<p>Das Bayerische Staatsministerium für Familie, Arbeit und Soziales verlängert die Förderung der bisherigen Sprach-Kitas in Bayern bis Ende 2025 und entwickelt das Landesprogramm ab Herbst 2025 gemeinsam mit Trägern und Verbänden weiter.</p>
<p>Unsere <strong>Sprachfachkraft Daniela Wenzel</strong> unterstützt, schult und berät fachlich, im engen Austausch mit der pädagogischen Leitung, das Kita-Team zu folgenden Schwerpunkten:</p>
<p><strong>Alltagsintegrierte sprachliche Bildung</strong></p>
<p>Kinder lernen Sprache in anregungsreichen Situationen inmitten ihrer Lebens- und Erfahrungswelt. Alltagsintegrierte sprachliche Bildung orientiert sich an den individuellen Kompetenzen und Interessen der Kinder und unterstützt ihre natürliche Sprachentwicklung.</p>
<p>&nbsp;</p>
<p><strong>Inklusive Pädagogik</strong></p>
<p>Vielfalt und Verschiedenheit sind eine Bereicherung im Kita-Alltag. Eine inklusive Pädagogik ermutigt Kinder und Erwachsenen Vorurteile, Diskriminierung und Benachteiligung kritisch zu hinterfragen sowie eigene Gedanken und Gefühle zu artikulieren. Dies bedeutet, sowohl den Gemeinsamkeiten und Stärken der Kinder Aufmerksamkeit zu schenken, als auch Vielfalt zu thematisieren und wertzuschätzen. Dies eröffnet zahlreiche Sprachanlässe und trägt zu einer vorurteilsfreien Bildung und Erziehung bei.</p>
<p><strong>Zusammenarbeit mit Familien</strong></p>
<p>Eine vertrauensvolle und willkommen heißende Bildungs- und Erziehungspartnerschaft zwischen den pädagogischen Fachkräften und den Familien unterschiedlicher Herkunft ist notwendig, um Kinder ganzheitlich in ihrer Sprachentwicklung zu begleiten. Denn Sprachbildung findet zuerst durch Eltern und auch zu Hause statt.</p>
<p><strong>Digitalisierung</strong></p>
<p>Der Einsatz digitaler Geräte im Kindergarten bringt viele Vorteile mit sich, spart Zeit und erweitert die Möglichkeiten für spannende Bildungsangebote. Ziel ist nicht, digitale Medien im pädagogischen Alltag den Kindern uneingeschränkt zur Verfügung zu stellen, sondern eine lernende Auseinandersetzung mit diesen neuen Möglichkeiten zu schaffen. Deshalb ist es für Eltern und Pädagogen/innen gleichermaßen wichtig, sich mit der Digitalisierung zu befassen und sich diese, voller Mut und Zuversicht, anzueignen. Denn nur so kann es uns gelingen, die Kinder in eine für uns alle heute noch fremde Zukunft hinein zu begleiten.</p>
<p><img decoding="async" src="https://internationales-kinderhaus.de/ika-wp/wp-content/uploads/Logo_BMFSFJ-300x212.jpg" alt="Logo_BMFSFJ" /> <img decoding="async" src="https://internationales-kinderhaus.de/ika-wp/wp-content/uploads/Banner-Sprach-Kitas-mit-Logo-350x150-300x129.jpg" alt="Banner Sprach-Kitas - Frühe Bildung, gleiche Chancen" /></p>

<p>Sprache ist der Schlüssel zu gleichen Bildungschancen für alle Kinder von Anfang an. Wir brauche sie, um uns zu verständigen, zu spielen und zu lernen. Wissenschaftliche Studien zeigen, dass sprachliche Bildung besonders wirksam ist, wenn sie früh beginnt. Im Kita-Alltag [&hellip;]</p>
